Last updated on 2021-11-01 00:49:55 CET.
Flavor | Version | Tinstall | Tcheck | Ttotal | Status | Flags |
---|---|---|---|---|---|---|
r-devel-linux-x86_64-debian-clang | 0.2.0 | 8.29 | 64.02 | 72.31 | NOTE | |
r-devel-linux-x86_64-debian-gcc | 0.2.0 | 5.77 | 49.43 | 55.20 | NOTE | |
r-devel-linux-x86_64-fedora-clang | 0.2.0 | 98.27 | NOTE | |||
r-devel-linux-x86_64-fedora-gcc | 0.2.0 | 85.95 | NOTE | |||
r-devel-windows-x86_64 | 0.2.0 | 11.00 | 65.00 | 76.00 | NOTE | |
r-devel-windows-x86_64-gcc10-UCRT | 0.2.0 | NOTE | ||||
r-patched-linux-x86_64 | 0.2.0 | 8.07 | 61.71 | 69.78 | NOTE | |
r-patched-solaris-x86 | 0.2.0 | 126.40 | NOTE | |||
r-release-linux-x86_64 | 0.2.0 | 7.13 | 60.57 | 67.70 | NOTE | |
r-release-macos-arm64 | 0.2.0 | NOTE | ||||
r-release-macos-x86_64 | 0.2.0 | NOTE | ||||
r-release-windows-ix86+x86_64 | 0.2.0 | 12.00 | 66.00 | 78.00 | NOTE | |
r-oldrel-macos-x86_64 | 0.2.0 | OK | ||||
r-oldrel-windows-ix86+x86_64 | 0.2.0 | 12.00 | 85.00 | 97.00 | OK |
Version: 0.2.0
Check: LazyData
Result: NOTE
'LazyData' is specified without a 'data' directory
Flavors: r-devel-linux-x86_64-debian-clang, r-devel-linux-x86_64-debian-gcc, r-devel-linux-x86_64-fedora-clang, r-devel-linux-x86_64-fedora-gcc, r-devel-windows-x86_64, r-devel-windows-x86_64-gcc10-UCRT, r-patched-linux-x86_64, r-patched-solaris-x86, r-release-linux-x86_64, r-release-macos-arm64, r-release-macos-x86_64, r-release-windows-ix86+x86_64