Last updated on 2021-11-01 00:49:55 CET.
Flavor | Version | Tinstall | Tcheck | Ttotal | Status | Flags |
---|---|---|---|---|---|---|
r-devel-linux-x86_64-debian-clang | 0.8.5 | 4.29 | 23.17 | 27.46 | OK | |
r-devel-linux-x86_64-debian-gcc | 0.8.5 | 2.99 | 17.87 | 20.86 | OK | |
r-devel-linux-x86_64-fedora-clang | 0.8.5 | 44.82 | OK | |||
r-devel-linux-x86_64-fedora-gcc | 0.8.5 | 33.72 | OK | |||
r-devel-windows-x86_64 | 0.8.5 | 7.00 | 35.00 | 42.00 | OK | |
r-devel-windows-x86_64-gcc10-UCRT | 0.8.5 | OK | ||||
r-patched-linux-x86_64 | 0.8.5 | 3.93 | 22.44 | 26.37 | OK | |
r-patched-solaris-x86 | 0.8.5 | 53.90 | OK | |||
r-release-linux-x86_64 | 0.8.5 | 3.59 | 22.15 | 25.74 | OK | |
r-release-macos-arm64 | 0.8.5 | NOTE | ||||
r-release-macos-x86_64 | 0.8.5 | NOTE | ||||
r-release-windows-ix86+x86_64 | 0.8.5 | 11.00 | 35.00 | 46.00 | OK | |
r-oldrel-macos-x86_64 | 0.8.5 | NOTE | ||||
r-oldrel-windows-ix86+x86_64 | 0.8.5 | 10.00 | 44.00 | 54.00 | OK |
Version: 0.8.5
Check: installed package size
Result: NOTE
installed size is 17.9Mb
sub-directories of 1Mb or more:
fonts 1.7Mb
libs 16.1Mb
Flavors: r-release-macos-arm64, r-release-macos-x86_64, r-oldrel-macos-x86_64