CRAN Package Check Results for Package swa

Last updated on 2021-11-01 00:49:55 CET.

Flavor Version Tinstall Tcheck Ttotal Status Flags
r-devel-linux-x86_64-debian-clang 0.8.1 4.94 53.85 58.79 NOTE
r-devel-linux-x86_64-debian-gcc 0.8.1 3.82 40.24 44.06 NOTE
r-devel-linux-x86_64-fedora-clang 0.8.1 82.68 NOTE
r-devel-linux-x86_64-fedora-gcc 0.8.1 67.55 NOTE
r-devel-windows-x86_64 0.8.1 10.00 55.00 65.00 NOTE
r-devel-windows-x86_64-gcc10-UCRT 0.8.1 NOTE
r-patched-linux-x86_64 0.8.1 4.97 50.08 55.05 NOTE
r-patched-solaris-x86 0.8.1 99.00 NOTE
r-release-linux-x86_64 0.8.1 5.01 49.65 54.66 NOTE
r-release-macos-arm64 0.8.1 NOTE
r-release-macos-x86_64 0.8.1 NOTE
r-release-windows-ix86+x86_64 0.8.1 10.00 56.00 66.00 NOTE
r-oldrel-macos-x86_64 0.8.1 OK
r-oldrel-windows-ix86+x86_64 0.8.1 11.00 81.00 92.00 OK

Check Details

Version: 0.8.1
Check: LazyData
Result: NOTE
     'LazyData' is specified without a 'data' directory
Flavors: r-devel-linux-x86_64-debian-clang, r-devel-linux-x86_64-debian-gcc, r-devel-linux-x86_64-fedora-clang, r-devel-linux-x86_64-fedora-gcc, r-devel-windows-x86_64, r-devel-windows-x86_64-gcc10-UCRT, r-patched-linux-x86_64, r-patched-solaris-x86, r-release-linux-x86_64, r-release-macos-arm64, r-release-macos-x86_64, r-release-windows-ix86+x86_64