Last updated on 2021-11-01 00:49:55 CET.
Flavor | Version | Tinstall | Tcheck | Ttotal | Status | Flags |
---|---|---|---|---|---|---|
r-devel-linux-x86_64-debian-clang | 0.9-63 | 2.25 | 25.29 | 27.54 | NOTE | |
r-devel-linux-x86_64-debian-gcc | 0.9-63 | 1.87 | 20.05 | 21.92 | NOTE | |
r-devel-linux-x86_64-fedora-clang | 0.9-63 | 45.42 | NOTE | |||
r-devel-linux-x86_64-fedora-gcc | 0.9-63 | 33.76 | NOTE | |||
r-devel-windows-x86_64 | 0.9-63 | 4.00 | 37.00 | 41.00 | NOTE | |
r-devel-windows-x86_64-gcc10-UCRT | 0.9-63 | NOTE | ||||
r-patched-linux-x86_64 | 0.9-63 | 2.55 | 24.73 | 27.28 | NOTE | |
r-patched-solaris-x86 | 0.9-63 | 52.10 | NOTE | |||
r-release-linux-x86_64 | 0.9-63 | 2.57 | 24.65 | 27.22 | NOTE | |
r-release-macos-arm64 | 0.9-63 | NOTE | ||||
r-release-macos-x86_64 | 0.9-63 | NOTE | ||||
r-release-windows-ix86+x86_64 | 0.9-63 | 5.00 | 32.00 | 37.00 | NOTE | |
r-oldrel-macos-x86_64 | 0.9-63 | NOTE | ||||
r-oldrel-windows-ix86+x86_64 | 0.9-63 | 5.00 | 41.00 | 46.00 | NOTE |
Version: 0.9-63
Check: DESCRIPTION meta-information
Result: NOTE
Malformed Description field: should contain one or more complete sentences.
Flavors: r-devel-linux-x86_64-debian-clang, r-devel-linux-x86_64-debian-gcc, r-devel-linux-x86_64-fedora-clang, r-devel-linux-x86_64-fedora-gcc, r-devel-windows-x86_64, r-devel-windows-x86_64-gcc10-UCRT, r-patched-linux-x86_64, r-patched-solaris-x86, r-release-linux-x86_64, r-release-macos-arm64, r-release-macos-x86_64, r-release-windows-ix86+x86_64, r-oldrel-macos-x86_64, r-oldrel-windows-ix86+x86_64
Version: 0.9-63
Check: R code for possible problems
Result: NOTE
.onAttach : svBrowser: no visible global function definition for
'browseURL'
.onAttach: no visible global function definition for 'loadhistory'
Undefined global functions or variables:
browseURL loadhistory
Consider adding
importFrom("utils", "browseURL", "loadhistory")
to your NAMESPACE file.
Flavors: r-devel-linux-x86_64-debian-clang, r-devel-linux-x86_64-debian-gcc, r-devel-linux-x86_64-fedora-clang, r-devel-linux-x86_64-fedora-gcc, r-devel-windows-x86_64, r-devel-windows-x86_64-gcc10-UCRT, r-patched-linux-x86_64, r-patched-solaris-x86, r-release-linux-x86_64, r-release-macos-arm64, r-release-macos-x86_64, r-release-windows-ix86+x86_64, r-oldrel-macos-x86_64, r-oldrel-windows-ix86+x86_64