Last updated on 2021-11-01 00:49:55 CET.
Flavor | Version | Tinstall | Tcheck | Ttotal | Status | Flags |
---|---|---|---|---|---|---|
r-devel-linux-x86_64-debian-clang | 0.9-55 | 2.24 | 23.69 | 25.93 | NOTE | |
r-devel-linux-x86_64-debian-gcc | 0.9-55 | 1.62 | 18.28 | 19.90 | NOTE | |
r-devel-linux-x86_64-fedora-clang | 0.9-55 | 42.37 | NOTE | |||
r-devel-linux-x86_64-fedora-gcc | 0.9-55 | 30.92 | NOTE | |||
r-devel-windows-x86_64 | 0.9-55 | 4.00 | 33.00 | 37.00 | NOTE | |
r-devel-windows-x86_64-gcc10-UCRT | 0.9-55 | NOTE | ||||
r-patched-linux-x86_64 | 0.9-55 | 1.93 | 22.34 | 24.27 | NOTE | |
r-patched-solaris-x86 | 0.9-55 | 48.80 | NOTE | |||
r-release-linux-x86_64 | 0.9-55 | 2.00 | 22.50 | 24.50 | NOTE | |
r-release-macos-arm64 | 0.9-55 | NOTE | ||||
r-release-macos-x86_64 | 0.9-55 | NOTE | ||||
r-release-windows-ix86+x86_64 | 0.9-55 | 4.00 | 29.00 | 33.00 | NOTE | |
r-oldrel-macos-x86_64 | 0.9-55 | NOTE | ||||
r-oldrel-windows-ix86+x86_64 | 0.9-55 | 4.00 | 40.00 | 44.00 | NOTE |
Version: 0.9-55
Check: DESCRIPTION meta-information
Result: NOTE
Malformed Description field: should contain one or more complete sentences.
Flavors: r-devel-linux-x86_64-debian-clang, r-devel-linux-x86_64-debian-gcc, r-devel-linux-x86_64-fedora-clang, r-devel-linux-x86_64-fedora-gcc, r-devel-windows-x86_64, r-devel-windows-x86_64-gcc10-UCRT, r-patched-linux-x86_64, r-patched-solaris-x86, r-release-linux-x86_64, r-release-macos-arm64, r-release-macos-x86_64, r-release-windows-ix86+x86_64, r-oldrel-macos-x86_64, r-oldrel-windows-ix86+x86_64
Version: 0.9-55
Check: R code for possible problems
Result: NOTE
startHttpServer : <anonymous> : Rjsonp: no visible global function
definition for 'localeToCharset'
Undefined global functions or variables:
localeToCharset
Consider adding
importFrom("utils", "localeToCharset")
to your NAMESPACE file.
Flavors: r-devel-linux-x86_64-debian-clang, r-devel-linux-x86_64-debian-gcc, r-devel-linux-x86_64-fedora-clang, r-devel-linux-x86_64-fedora-gcc, r-devel-windows-x86_64, r-devel-windows-x86_64-gcc10-UCRT, r-patched-linux-x86_64, r-patched-solaris-x86, r-release-linux-x86_64, r-release-macos-arm64, r-release-macos-x86_64, r-release-windows-ix86+x86_64, r-oldrel-macos-x86_64, r-oldrel-windows-ix86+x86_64