CRAN Package Check Results for Package svDialogstcltk

Last updated on 2021-11-01 00:49:55 CET.

Flavor Version Tinstall Tcheck Ttotal Status Flags
r-devel-linux-x86_64-debian-clang 0.9-4 2.40 24.89 27.29 NOTE
r-devel-linux-x86_64-debian-gcc 0.9-4 2.07 20.24 22.31 NOTE
r-devel-linux-x86_64-fedora-clang 0.9-4 45.83 NOTE
r-devel-linux-x86_64-fedora-gcc 0.9-4 34.68 NOTE
r-devel-windows-x86_64 0.9-4 4.00 35.00 39.00 NOTE
r-devel-windows-x86_64-gcc10-UCRT 0.9-4 NOTE
r-patched-linux-x86_64 0.9-4 2.59 24.49 27.08 NOTE
r-patched-solaris-x86 0.9-4 54.60 NOTE
r-release-linux-x86_64 0.9-4 2.51 24.84 27.35 NOTE
r-release-macos-arm64 0.9-4 NOTE
r-release-macos-x86_64 0.9-4 NOTE
r-release-windows-ix86+x86_64 0.9-4 5.00 30.00 35.00 NOTE
r-oldrel-macos-x86_64 0.9-4 NOTE
r-oldrel-windows-ix86+x86_64 0.9-4 4.00 41.00 45.00 NOTE

Check Details

Version: 0.9-4
Check: DESCRIPTION meta-information
Result: NOTE
    Malformed Description field: should contain one or more complete sentences.
Flavors: r-devel-linux-x86_64-debian-clang, r-devel-linux-x86_64-debian-gcc, r-devel-linux-x86_64-fedora-clang, r-devel-linux-x86_64-fedora-gcc, r-devel-windows-x86_64, r-devel-windows-x86_64-gcc10-UCRT, r-patched-linux-x86_64, r-patched-solaris-x86, r-release-linux-x86_64, r-release-macos-arm64, r-release-macos-x86_64, r-release-windows-ix86+x86_64, r-oldrel-macos-x86_64, r-oldrel-windows-ix86+x86_64

Version: 0.9-4
Check: R code for possible problems
Result: NOTE
    dlgMessage.tcltkGUI: no visible global function definition for 'alarm'
    Undefined global functions or variables:
     alarm
    Consider adding
     importFrom("utils", "alarm")
    to your NAMESPACE file.
Flavors: r-devel-linux-x86_64-debian-clang, r-devel-linux-x86_64-debian-gcc, r-devel-linux-x86_64-fedora-clang, r-devel-linux-x86_64-fedora-gcc, r-patched-linux-x86_64, r-patched-solaris-x86, r-release-linux-x86_64, r-release-macos-arm64, r-release-macos-x86_64, r-oldrel-macos-x86_64

Version: 0.9-4
Check: R code for possible problems
Result: NOTE
    dlgMessage.tcltkGUI: no visible global function definition for 'alarm'
    dlgMessage.tcltkGUI: no visible global function definition for
     'bringToTop'
    Undefined global functions or variables:
     alarm bringToTop
    Consider adding
     importFrom("grDevices", "bringToTop")
     importFrom("utils", "alarm")
    to your NAMESPACE file.
Flavors: r-devel-windows-x86_64, r-devel-windows-x86_64-gcc10-UCRT, r-release-windows-ix86+x86_64, r-oldrel-windows-ix86+x86_64