Last updated on 2021-11-01 00:49:55 CET.
Flavor | Version | Tinstall | Tcheck | Ttotal | Status | Flags |
---|---|---|---|---|---|---|
r-devel-linux-x86_64-debian-clang | 0.4.9 | 17.23 | 223.10 | 240.33 | OK | |
r-devel-linux-x86_64-debian-gcc | 0.4.9 | 12.31 | 162.04 | 174.35 | OK | |
r-devel-linux-x86_64-fedora-clang | 0.4.9 | 308.42 | NOTE | |||
r-devel-linux-x86_64-fedora-gcc | 0.4.9 | 274.57 | OK | |||
r-devel-windows-x86_64 | 0.4.9 | 25.00 | 216.00 | 241.00 | NOTE | |
r-devel-windows-x86_64-gcc10-UCRT | 0.4.9 | OK | ||||
r-patched-linux-x86_64 | 0.4.9 | 24.09 | 223.77 | 247.86 | OK | |
r-patched-solaris-x86 | 0.4.9 | 374.50 | NOTE | |||
r-release-linux-x86_64 | 0.4.9 | 16.61 | 224.20 | 240.81 | OK | |
r-release-macos-arm64 | 0.4.9 | NOTE | ||||
r-release-macos-x86_64 | 0.4.9 | NOTE | ||||
r-release-windows-ix86+x86_64 | 0.4.9 | 24.00 | 210.00 | 234.00 | NOTE | |
r-oldrel-macos-x86_64 | 0.4.9 | NOTE | ||||
r-oldrel-windows-ix86+x86_64 | 0.4.9 | 29.00 | 244.00 | 273.00 | NOTE |
Version: 0.4.9
Check: installed package size
Result: NOTE
installed size is 6.0Mb
sub-directories of 1Mb or more:
doc 5.5Mb
Flavors: r-devel-linux-x86_64-fedora-clang, r-devel-windows-x86_64, r-patched-solaris-x86, r-release-macos-arm64, r-release-macos-x86_64, r-release-windows-ix86+x86_64, r-oldrel-macos-x86_64, r-oldrel-windows-ix86+x86_64