Last updated on 2021-11-01 00:49:55 CET.
Flavor | Version | Tinstall | Tcheck | Ttotal | Status | Flags |
---|---|---|---|---|---|---|
r-devel-linux-x86_64-debian-clang | 1.5-3-1.0.3 | 87.25 | 90.49 | 177.74 | OK | |
r-devel-linux-x86_64-debian-gcc | 1.5-3-1.0.3 | 70.90 | 67.39 | 138.29 | OK | |
r-devel-linux-x86_64-fedora-clang | 1.5-3-1.0.3 | 286.82 | OK | |||
r-devel-linux-x86_64-fedora-gcc | 1.5-3-1.0.3 | 244.97 | OK | |||
r-devel-windows-x86_64 | 1.5-3-1.0.3 | 128.00 | 101.00 | 229.00 | OK | |
r-devel-windows-x86_64-gcc10-UCRT | 1.5-3-1.0.3 | OK | ||||
r-patched-linux-x86_64 | 1.5-3-1.0.3 | 91.19 | 85.97 | 177.16 | OK | |
r-patched-solaris-x86 | 1.5-3-1.0.3 | 253.70 | OK | |||
r-release-linux-x86_64 | 1.5-3-1.0.3 | 84.15 | 88.52 | 172.67 | OK | |
r-release-macos-arm64 | 1.5-3-1.0.3 | NOTE | ||||
r-release-macos-x86_64 | 1.5-3-1.0.3 | NOTE | ||||
r-release-windows-ix86+x86_64 | 1.5-3-1.0.3 | 177.00 | 118.00 | 295.00 | OK | |
r-oldrel-macos-x86_64 | 1.5-3-1.0.3 | NOTE | ||||
r-oldrel-windows-ix86+x86_64 | 1.5-3-1.0.3 | 181.00 | 156.00 | 337.00 | OK |
Version: 1.5-3-1.0.3
Check: installed package size
Result: NOTE
installed size is 6.2Mb
sub-directories of 1Mb or more:
libs 4.9Mb
Flavors: r-release-macos-arm64, r-release-macos-x86_64, r-oldrel-macos-x86_64