Last updated on 2021-11-01 00:49:55 CET.
Flavor | Version | Tinstall | Tcheck | Ttotal | Status | Flags |
---|---|---|---|---|---|---|
r-devel-linux-x86_64-debian-clang | 1.5-2 | 9.56 | 103.83 | 113.39 | NOTE | |
r-devel-linux-x86_64-debian-gcc | 1.5-2 | 7.52 | 74.81 | 82.33 | NOTE | |
r-devel-linux-x86_64-fedora-clang | 1.5-2 | 149.79 | NOTE | |||
r-devel-linux-x86_64-fedora-gcc | 1.5-2 | 127.22 | NOTE | |||
r-devel-windows-x86_64 | 1.5-2 | 17.00 | 101.00 | 118.00 | NOTE | |
r-devel-windows-x86_64-gcc10-UCRT | 1.5-2 | NOTE | ||||
r-patched-linux-x86_64 | 1.5-2 | 10.67 | 98.87 | 109.54 | NOTE | |
r-patched-solaris-x86 | 1.5-2 | 169.90 | NOTE | |||
r-release-linux-x86_64 | 1.5-2 | 8.66 | 99.02 | 107.68 | NOTE | |
r-release-macos-arm64 | 1.5-2 | NOTE | ||||
r-release-macos-x86_64 | 1.5-2 | NOTE | ||||
r-release-windows-ix86+x86_64 | 1.5-2 | 16.00 | 126.00 | 142.00 | NOTE | |
r-oldrel-macos-x86_64 | 1.5-2 | NOTE | ||||
r-oldrel-windows-ix86+x86_64 | 1.5-2 | 13.00 | 169.00 | 182.00 | NOTE |
Version: 1.5-2
Check: R code for possible problems
Result: NOTE
efpFunctional: multiple local function definitions for 'plotProcess'
with different formal arguments
mefp.efp: multiple local function definitions for 'computeEmpProc' with
different formal arguments
Flavors: r-devel-linux-x86_64-debian-clang, r-devel-linux-x86_64-debian-gcc, r-devel-linux-x86_64-fedora-clang, r-devel-linux-x86_64-fedora-gcc, r-devel-windows-x86_64, r-devel-windows-x86_64-gcc10-UCRT, r-patched-linux-x86_64, r-patched-solaris-x86, r-release-linux-x86_64, r-release-macos-arm64, r-release-macos-x86_64, r-release-windows-ix86+x86_64, r-oldrel-macos-x86_64, r-oldrel-windows-ix86+x86_64