Last updated on 2021-11-01 00:49:55 CET.
Flavor | Version | Tinstall | Tcheck | Ttotal | Status | Flags |
---|---|---|---|---|---|---|
r-devel-linux-x86_64-debian-clang | 1.1.4 | 122.53 | 56.27 | 178.80 | OK | |
r-devel-linux-x86_64-debian-gcc | 1.1.4 | 97.10 | 42.99 | 140.09 | OK | |
r-devel-linux-x86_64-fedora-clang | 1.1.4 | 281.62 | NOTE | |||
r-devel-linux-x86_64-fedora-gcc | 1.1.4 | 240.47 | OK | |||
r-devel-windows-x86_64 | 1.1.4 | 132.00 | 67.00 | 199.00 | OK | |
r-devel-windows-x86_64-gcc10-UCRT | 1.1.4 | OK | ||||
r-patched-linux-x86_64 | 1.1.4 | 106.35 | 54.60 | 160.95 | OK | |
r-patched-solaris-x86 | 1.1.4 | 236.60 | OK | |||
r-release-linux-x86_64 | 1.1.4 | 105.55 | 55.09 | 160.64 | OK | |
r-release-macos-arm64 | 1.1.4 | NOTE | ||||
r-release-macos-x86_64 | 1.1.4 | NOTE | ||||
r-release-windows-ix86+x86_64 | 1.1.4 | 180.00 | 86.00 | 266.00 | OK | |
r-oldrel-macos-x86_64 | 1.1.4 | NOTE | ||||
r-oldrel-windows-ix86+x86_64 | 1.1.4 | 184.00 | 110.00 | 294.00 | OK |
Version: 1.1.4
Check: installed package size
Result: NOTE
installed size is 8.9Mb
sub-directories of 1Mb or more:
libs 7.6Mb
Flavors: r-devel-linux-x86_64-fedora-clang, r-release-macos-arm64, r-release-macos-x86_64, r-oldrel-macos-x86_64