CRAN Package Check Results for Package strand

Last updated on 2021-11-01 00:49:55 CET.

Flavor Version Tinstall Tcheck Ttotal Status Flags
r-devel-linux-x86_64-debian-clang 0.2.0 17.37 227.51 244.88 OK
r-devel-linux-x86_64-debian-gcc 0.2.0 14.03 168.98 183.01 OK
r-devel-linux-x86_64-fedora-clang 0.2.0 309.43 NOTE
r-devel-linux-x86_64-fedora-gcc 0.2.0 295.70 NOTE
r-devel-windows-x86_64 0.2.0 28.00 196.00 224.00 OK
r-devel-windows-x86_64-gcc10-UCRT 0.2.0 NOTE
r-patched-linux-x86_64 0.2.0 19.94 212.45 232.39 OK
r-release-linux-x86_64 0.2.0 15.57 214.39 229.96 OK
r-release-macos-arm64 0.2.0 NOTE
r-release-macos-x86_64 0.2.0 NOTE
r-release-windows-ix86+x86_64 0.2.0 26.00 191.00 217.00 OK
r-oldrel-macos-x86_64 0.2.0 NOTE
r-oldrel-windows-ix86+x86_64 0.2.0 27.00 239.00 266.00 OK

Check Details

Version: 0.2.0
Check: data for non-ASCII characters
Result: NOTE
     Note: found 1 marked UTF-8 string
Flavors: r-devel-linux-x86_64-fedora-clang, r-devel-linux-x86_64-fedora-gcc, r-devel-windows-x86_64-gcc10-UCRT, r-release-macos-arm64, r-release-macos-x86_64, r-oldrel-macos-x86_64

Version: 0.2.0
Check: package dependencies
Result: NOTE
    Package suggested but not available for checking: ‘Rsymphony’
Flavors: r-release-macos-arm64, r-oldrel-macos-x86_64