Last updated on 2021-11-01 00:49:55 CET.
Flavor | Version | Tinstall | Tcheck | Ttotal | Status | Flags |
---|---|---|---|---|---|---|
r-devel-linux-x86_64-debian-clang | 2019.6 | 9.49 | 211.41 | 220.90 | NOTE | |
r-devel-linux-x86_64-debian-gcc | 2019.6 | 6.84 | 161.77 | 168.61 | NOTE | |
r-devel-linux-x86_64-fedora-clang | 2019.6 | 271.43 | NOTE | |||
r-devel-linux-x86_64-fedora-gcc | 2019.6 | 253.75 | NOTE | |||
r-devel-windows-x86_64 | 2019.6 | 67.00 | 280.00 | 347.00 | OK | |
r-devel-windows-x86_64-gcc10-UCRT | 2019.6 | NOTE | ||||
r-patched-linux-x86_64 | 2019.6 | 8.83 | 190.71 | 199.54 | NOTE | |
r-patched-solaris-x86 | 2019.6 | 348.70 | NOTE | |||
r-release-linux-x86_64 | 2019.6 | 10.17 | 194.02 | 204.19 | NOTE | |
r-release-macos-arm64 | 2019.6 | OK | ||||
r-release-macos-x86_64 | 2019.6 | OK | ||||
r-release-windows-ix86+x86_64 | 2019.6 | 82.00 | 269.00 | 351.00 | OK | |
r-oldrel-macos-x86_64 | 2019.6 | OK | ||||
r-oldrel-windows-ix86+x86_64 | 2019.6 | 105.00 | 336.00 | 441.00 | OK |
Version: 2019.6
Check: package dependencies
Result: NOTE
Package suggested but not available for checking: 'ndtv'
Flavors: r-devel-linux-x86_64-debian-clang, r-devel-linux-x86_64-debian-gcc, r-devel-linux-x86_64-fedora-clang, r-devel-linux-x86_64-fedora-gcc, r-devel-windows-x86_64-gcc10-UCRT, r-patched-linux-x86_64, r-patched-solaris-x86, r-release-linux-x86_64