Last updated on 2021-11-01 00:49:55 CET.
Flavor | Version | Tinstall | Tcheck | Ttotal | Status | Flags |
---|---|---|---|---|---|---|
r-devel-linux-x86_64-debian-clang | 1.0.7 | 106.98 | 223.07 | 330.05 | OK | |
r-devel-linux-x86_64-debian-gcc | 1.0.7 | 79.20 | 155.43 | 234.63 | OK | |
r-devel-linux-x86_64-fedora-clang | 1.0.7 | 418.51 | NOTE | |||
r-devel-linux-x86_64-fedora-gcc | 1.0.7 | 378.14 | OK | |||
r-devel-windows-x86_64 | 1.0.7 | 139.00 | 168.00 | 307.00 | OK | |
r-devel-windows-x86_64-gcc10-UCRT | 1.0.7 | OK | ||||
r-patched-linux-x86_64 | 1.0.7 | 96.86 | 192.31 | 289.17 | OK | |
r-patched-solaris-x86 | 1.0.7 | 233.30 | OK | |||
r-release-linux-x86_64 | 1.0.7 | 94.79 | 198.31 | 293.10 | OK | |
r-release-macos-arm64 | 1.0.7 | NOTE | ||||
r-release-macos-x86_64 | 1.0.7 | NOTE | ||||
r-release-windows-ix86+x86_64 | 1.0.7 | 181.00 | 204.00 | 385.00 | NOTE | |
r-oldrel-macos-x86_64 | 1.0.7 | NOTE | ||||
r-oldrel-windows-ix86+x86_64 | 1.0.7 | 188.00 | 258.00 | 446.00 | NOTE |
Version: 1.0.7
Check: installed package size
Result: NOTE
installed size is 8.2Mb
sub-directories of 1Mb or more:
data 2.7Mb
libs 4.5Mb
Flavors: r-devel-linux-x86_64-fedora-clang, r-release-macos-arm64, r-release-macos-x86_64, r-release-windows-ix86+x86_64, r-oldrel-macos-x86_64, r-oldrel-windows-ix86+x86_64