CRAN Package Check Results for Package stR

Last updated on 2021-11-01 00:49:55 CET.

Flavor Version Tinstall Tcheck Ttotal Status Flags
r-devel-linux-x86_64-debian-clang 0.4 14.37 175.69 190.06 OK
r-devel-linux-x86_64-debian-gcc 0.4 17.08 150.17 167.25 OK
r-devel-linux-x86_64-fedora-clang 0.4 275.65 OK
r-devel-linux-x86_64-fedora-gcc 0.4 202.83 OK
r-devel-windows-x86_64 0.4 25.00 165.00 190.00 NOTE
r-devel-windows-x86_64-gcc10-UCRT 0.4 NOTE
r-patched-linux-x86_64 0.4 21.38 163.83 185.21 OK
r-patched-solaris-x86 0.4 298.30 NOTE
r-release-linux-x86_64 0.4 19.42 187.02 206.44 OK
r-release-macos-arm64 0.4 OK
r-release-macos-x86_64 0.4 OK
r-release-windows-ix86+x86_64 0.4 26.00 147.00 173.00 NOTE
r-oldrel-macos-x86_64 0.4 OK
r-oldrel-windows-ix86+x86_64 0.4 30.00 207.00 237.00 NOTE

Check Details

Version: 0.4
Check: package dependencies
Result: NOTE
    Package suggested but not available for checking: 'doMC'
Flavors: r-devel-windows-x86_64, r-devel-windows-x86_64-gcc10-UCRT, r-release-windows-ix86+x86_64, r-oldrel-windows-ix86+x86_64

Version: 0.4
Check: package dependencies
Result: NOTE
    Package suggested but not available for checking: ‘seasonal’
Flavor: r-patched-solaris-x86