CRAN Package Check Results for Package spreadr

Last updated on 2021-11-01 00:49:54 CET.

Flavor Version Tinstall Tcheck Ttotal Status Flags
r-devel-linux-x86_64-debian-clang 0.2.0 16.53 46.71 63.24 OK
r-devel-linux-x86_64-debian-gcc 0.2.0 11.87 36.09 47.96 OK
r-devel-linux-x86_64-fedora-clang 0.2.0 97.37 NOTE
r-devel-linux-x86_64-fedora-gcc 0.2.0 78.55 NOTE
r-devel-windows-x86_64 0.2.0 26.00 63.00 89.00 OK
r-devel-windows-x86_64-gcc10-UCRT 0.2.0 NOTE
r-patched-linux-x86_64 0.2.0 16.38 44.61 60.99 OK
r-patched-solaris-x86 0.2.0 92.40 NOTE
r-release-linux-x86_64 0.2.0 15.44 44.16 59.60 OK
r-release-macos-arm64 0.2.0 NOTE
r-release-macos-x86_64 0.2.0 NOTE
r-release-windows-ix86+x86_64 0.2.0 35.00 71.00 106.00 OK
r-oldrel-macos-x86_64 0.2.0 NOTE
r-oldrel-windows-ix86+x86_64 0.2.0 35.00 92.00 127.00 OK

Check Details

Version: 0.2.0
Check: dependencies in R code
Result: NOTE
    Namespaces in Imports field not imported from:
     ‘extrafont’ ‘ggplot2’
     All declared Imports should be used.
Flavors: r-devel-linux-x86_64-fedora-clang, r-devel-linux-x86_64-fedora-gcc, r-devel-windows-x86_64-gcc10-UCRT, r-patched-solaris-x86, r-release-macos-arm64, r-release-macos-x86_64, r-oldrel-macos-x86_64

Version: 0.2.0
Check: package dependencies
Result: NOTE
    Package suggested but not available for checking: ‘gifski’
Flavor: r-patched-solaris-x86