Last updated on 2021-11-01 00:49:54 CET.
Flavor | Version | Tinstall | Tcheck | Ttotal | Status | Flags |
---|---|---|---|---|---|---|
r-devel-linux-x86_64-debian-clang | 0.2.3 | 16.31 | 139.89 | 156.20 | OK | |
r-devel-linux-x86_64-debian-gcc | 0.2.3 | 12.39 | 107.15 | 119.54 | OK | |
r-devel-linux-x86_64-fedora-clang | 0.2.3 | 202.59 | NOTE | |||
r-devel-linux-x86_64-fedora-gcc | 0.2.3 | 186.69 | NOTE | |||
r-devel-windows-x86_64 | 0.2.3 | 26.00 | 135.00 | 161.00 | OK | |
r-devel-windows-x86_64-gcc10-UCRT | 0.2.3 | NOTE | ||||
r-patched-linux-x86_64 | 0.2.3 | 13.72 | 123.98 | 137.70 | OK | |
r-patched-solaris-x86 | 0.2.3 | 245.70 | NOTE | |||
r-release-linux-x86_64 | 0.2.3 | 15.11 | 123.93 | 139.04 | OK | |
r-release-macos-arm64 | 0.2.3 | NOTE | ||||
r-release-macos-x86_64 | 0.2.3 | NOTE | ||||
r-release-windows-ix86+x86_64 | 0.2.3 | 27.00 | 112.00 | 139.00 | OK | |
r-oldrel-macos-x86_64 | 0.2.3 | NOTE | ||||
r-oldrel-windows-ix86+x86_64 | 0.2.3 | 29.00 | 154.00 | 183.00 | OK |
Version: 0.2.3
Check: dependencies in R code
Result: NOTE
Namespace in Imports field not imported from: ‘batchtools’
All declared Imports should be used.
Flavors: r-devel-linux-x86_64-fedora-clang, r-devel-linux-x86_64-fedora-gcc, r-devel-windows-x86_64-gcc10-UCRT, r-patched-solaris-x86, r-release-macos-arm64, r-release-macos-x86_64, r-oldrel-macos-x86_64