CRAN Package Check Results for Package spm2

Last updated on 2021-11-01 00:49:54 CET.

Flavor Version Tinstall Tcheck Ttotal Status Flags
r-devel-linux-x86_64-debian-clang 1.1.0 6.10 43.86 49.96 OK
r-devel-linux-x86_64-debian-gcc 1.1.0 5.44 33.66 39.10 OK
r-devel-linux-x86_64-fedora-clang 1.1.0 73.56 NOTE
r-devel-linux-x86_64-fedora-gcc 1.1.0 60.88 NOTE
r-devel-windows-x86_64 1.1.0 12.00 50.00 62.00 OK
r-devel-windows-x86_64-gcc10-UCRT 1.1.0 NOTE
r-patched-linux-x86_64 1.1.0 7.63 43.00 50.63 OK
r-patched-solaris-x86 1.1.0 82.50 NOTE
r-release-linux-x86_64 1.1.0 6.02 42.84 48.86 OK
r-release-macos-arm64 1.1.0 NOTE
r-release-macos-x86_64 1.1.0 NOTE
r-release-windows-ix86+x86_64 1.1.0 12.00 48.00 60.00 OK
r-oldrel-macos-x86_64 1.1.0 NOTE
r-oldrel-windows-ix86+x86_64 1.1.0 12.00 72.00 84.00 OK

Check Details

Version: 1.1.0
Check: dependencies in R code
Result: NOTE
    Namespaces in Imports field not imported from:
     ‘MASS’ ‘psy’ ‘ranger’
     All declared Imports should be used.
Flavors: r-devel-linux-x86_64-fedora-clang, r-devel-linux-x86_64-fedora-gcc, r-devel-windows-x86_64-gcc10-UCRT, r-patched-solaris-x86, r-release-macos-arm64, r-release-macos-x86_64, r-oldrel-macos-x86_64