Last updated on 2021-11-01 00:49:54 CET.
Flavor | Version | Tinstall | Tcheck | Ttotal | Status | Flags |
---|---|---|---|---|---|---|
r-devel-linux-x86_64-debian-clang | 0.1.2 | 1.71 | 19.63 | 21.34 | NOTE | |
r-devel-linux-x86_64-debian-gcc | 0.1.2 | 1.32 | 15.75 | 17.07 | NOTE | |
r-devel-linux-x86_64-fedora-clang | 0.1.2 | 40.51 | NOTE | |||
r-devel-linux-x86_64-fedora-gcc | 0.1.2 | 26.73 | NOTE | |||
r-devel-windows-x86_64 | 0.1.2 | 3.00 | 31.00 | 34.00 | NOTE | |
r-devel-windows-x86_64-gcc10-UCRT | 0.1.2 | NOTE | ||||
r-patched-linux-x86_64 | 0.1.2 | 1.80 | 19.25 | 21.05 | NOTE | |
r-patched-solaris-x86 | 0.1.2 | 43.90 | NOTE | |||
r-release-linux-x86_64 | 0.1.2 | 1.71 | 19.42 | 21.13 | NOTE | |
r-release-macos-arm64 | 0.1.2 | NOTE | ||||
r-release-macos-x86_64 | 0.1.2 | NOTE | ||||
r-release-windows-ix86+x86_64 | 0.1.2 | 4.00 | 28.00 | 32.00 | NOTE | |
r-oldrel-macos-x86_64 | 0.1.2 | OK | ||||
r-oldrel-windows-ix86+x86_64 | 0.1.2 | 5.00 | 37.00 | 42.00 | OK |
Version: 0.1.2
Check: LazyData
Result: NOTE
'LazyData' is specified without a 'data' directory
Flavors: r-devel-linux-x86_64-debian-clang, r-devel-linux-x86_64-debian-gcc, r-devel-linux-x86_64-fedora-clang, r-devel-linux-x86_64-fedora-gcc, r-devel-windows-x86_64, r-devel-windows-x86_64-gcc10-UCRT, r-patched-linux-x86_64, r-patched-solaris-x86, r-release-linux-x86_64, r-release-macos-arm64, r-release-macos-x86_64, r-release-windows-ix86+x86_64