Last updated on 2021-11-01 00:49:54 CET.
Flavor | Version | Tinstall | Tcheck | Ttotal | Status | Flags |
---|---|---|---|---|---|---|
r-devel-linux-x86_64-debian-clang | 0.3.1 | 4.74 | 308.35 | 313.09 | OK | |
r-devel-linux-x86_64-debian-gcc | 0.3.1 | 3.73 | 231.05 | 234.78 | OK | |
r-devel-linux-x86_64-fedora-clang | 0.3.1 | 371.66 | OK | |||
r-devel-linux-x86_64-fedora-gcc | 0.3.1 | 374.53 | OK | |||
r-devel-windows-x86_64 | 0.3.1 | 9.00 | 286.00 | 295.00 | OK | |
r-devel-windows-x86_64-gcc10-UCRT | 0.3.1 | OK | ||||
r-patched-linux-x86_64 | 0.3.1 | 5.60 | 287.86 | 293.46 | OK | |
r-patched-solaris-x86 | 0.3.1 | 427.50 | NOTE | |||
r-release-linux-x86_64 | 0.3.1 | 4.90 | 286.36 | 291.26 | OK | |
r-release-macos-arm64 | 0.3.1 | OK | ||||
r-release-macos-x86_64 | 0.3.1 | OK | ||||
r-release-windows-ix86+x86_64 | 0.3.1 | 8.00 | 270.00 | 278.00 | OK | |
r-oldrel-macos-x86_64 | 0.3.1 | OK | ||||
r-oldrel-windows-ix86+x86_64 | 0.3.1 | 7.00 | 369.00 | 376.00 | OK |
Version: 0.3.1
Check: package dependencies
Result: NOTE
Package suggested but not available for checking: ‘gifski’
Flavor: r-patched-solaris-x86