Last updated on 2021-11-01 00:49:54 CET.
Flavor | Version | Tinstall | Tcheck | Ttotal | Status | Flags |
---|---|---|---|---|---|---|
r-devel-linux-x86_64-debian-clang | 1.5 | 3.22 | 35.24 | 38.46 | NOTE | |
r-devel-linux-x86_64-debian-gcc | 1.5 | 2.37 | 28.47 | 30.84 | NOTE | |
r-devel-linux-x86_64-fedora-clang | 1.5 | 58.69 | NOTE | |||
r-devel-linux-x86_64-fedora-gcc | 1.5 | 46.77 | NOTE | |||
r-devel-windows-x86_64 | 1.5 | 5.00 | 38.00 | 43.00 | NOTE | |
r-devel-windows-x86_64-gcc10-UCRT | 1.5 | NOTE | ||||
r-patched-linux-x86_64 | 1.5 | 3.07 | 34.95 | 38.02 | NOTE | |
r-patched-solaris-x86 | 1.5 | 61.20 | NOTE | |||
r-release-linux-x86_64 | 1.5 | 3.14 | 34.19 | 37.33 | NOTE | |
r-release-macos-arm64 | 1.5 | NOTE | ||||
r-release-macos-x86_64 | 1.5 | NOTE | ||||
r-release-windows-ix86+x86_64 | 1.5 | 6.00 | 39.00 | 45.00 | NOTE | |
r-oldrel-macos-x86_64 | 1.5 | NOTE | ||||
r-oldrel-windows-ix86+x86_64 | 1.5 | 6.00 | 50.00 | 56.00 | NOTE |
Version: 1.5
Check: dependencies in R code
Result: NOTE
Package in Depends field not imported from: 'rgl'
These packages need to be imported from (in the NAMESPACE file)
for when this namespace is loaded but not attached.
Flavors: r-devel-linux-x86_64-debian-clang, r-devel-linux-x86_64-debian-gcc, r-devel-linux-x86_64-fedora-clang, r-devel-linux-x86_64-fedora-gcc, r-devel-windows-x86_64, r-devel-windows-x86_64-gcc10-UCRT, r-patched-linux-x86_64, r-patched-solaris-x86, r-release-linux-x86_64, r-release-macos-arm64, r-release-macos-x86_64, r-release-windows-ix86+x86_64, r-oldrel-macos-x86_64, r-oldrel-windows-ix86+x86_64
Version: 1.5
Check: R code for possible problems
Result: NOTE
pointsphere: no visible global function definition for 'runif'
rgl.sphMW: no visible global function definition for 'plot3d'
rgl.sphcirc: no visible global function definition for 'rotate3d'
rgl.sphcirc: no visible global function definition for 'lines3d'
rgl.sphgrid: no visible global function definition for 'open3d'
rgl.sphgrid: no visible global function definition for 'plot3d'
rgl.sphgrid: no visible global function definition for 'lines3d'
rgl.sphgrid: no visible global function definition for 'text3d'
rgl.sphpoints: no visible global function definition for 'points3d'
rgl.sphsun: no visible global function definition for 'plot3d'
rgl.sphtext: no visible global function definition for 'text3d'
Undefined global functions or variables:
lines3d open3d plot3d points3d rotate3d runif text3d
Consider adding
importFrom("stats", "runif")
to your NAMESPACE file.
Flavors: r-devel-linux-x86_64-debian-clang, r-devel-linux-x86_64-debian-gcc, r-devel-linux-x86_64-fedora-clang, r-devel-linux-x86_64-fedora-gcc, r-devel-windows-x86_64, r-devel-windows-x86_64-gcc10-UCRT, r-patched-linux-x86_64, r-patched-solaris-x86, r-release-linux-x86_64, r-release-macos-arm64, r-release-macos-x86_64, r-release-windows-ix86+x86_64, r-oldrel-macos-x86_64, r-oldrel-windows-ix86+x86_64