CRAN Package Check Results for Package spelling

Last updated on 2021-11-01 00:49:54 CET.

Flavor Version Tinstall Tcheck Ttotal Status Flags
r-devel-linux-x86_64-debian-clang 2.2 2.68 23.05 25.73 NOTE
r-devel-linux-x86_64-debian-gcc 2.2 2.12 18.61 20.73 NOTE
r-devel-linux-x86_64-fedora-clang 2.2 42.72 NOTE
r-devel-linux-x86_64-fedora-gcc 2.2 30.95 NOTE
r-devel-windows-x86_64 2.2 4.00 29.00 33.00 NOTE
r-devel-windows-x86_64-gcc10-UCRT 2.2 NOTE
r-patched-linux-x86_64 2.2 2.30 22.11 24.41 NOTE
r-patched-solaris-x86 2.2 49.00 NOTE
r-release-linux-x86_64 2.2 2.49 22.33 24.82 NOTE
r-release-macos-arm64 2.2 NOTE
r-release-macos-x86_64 2.2 NOTE
r-release-windows-ix86+x86_64 2.2 4.00 30.00 34.00 NOTE
r-oldrel-macos-x86_64 2.2 OK
r-oldrel-windows-ix86+x86_64 2.2 4.00 40.00 44.00 OK

Check Details

Version: 2.2
Check: LazyData
Result: NOTE
     'LazyData' is specified without a 'data' directory
Flavors: r-devel-linux-x86_64-debian-clang, r-devel-linux-x86_64-debian-gcc, r-devel-linux-x86_64-fedora-clang, r-devel-linux-x86_64-fedora-gcc, r-devel-windows-x86_64, r-devel-windows-x86_64-gcc10-UCRT, r-patched-linux-x86_64, r-patched-solaris-x86, r-release-linux-x86_64, r-release-macos-arm64, r-release-macos-x86_64, r-release-windows-ix86+x86_64