CRAN Package Check Results for Package spatsurv

Last updated on 2021-11-01 00:49:54 CET.

Flavor Version Tinstall Tcheck Ttotal Status Flags
r-devel-linux-x86_64-debian-clang 1.6 46.19 436.89 483.08 OK
r-devel-linux-x86_64-debian-gcc 1.6 40.60 320.84 361.44 OK
r-devel-linux-x86_64-fedora-clang 1.6 595.50 NOTE
r-devel-linux-x86_64-fedora-gcc 1.6 610.19 NOTE
r-devel-windows-x86_64 1.6 72.00 326.00 398.00 OK
r-devel-windows-x86_64-gcc10-UCRT 1.6 NOTE
r-patched-linux-x86_64 1.6 45.39 412.99 458.38 OK
r-patched-solaris-x86 1.6 710.70 NOTE
r-release-linux-x86_64 1.6 41.99 414.01 456.00 OK
r-release-macos-arm64 1.6 OK
r-release-macos-x86_64 1.6 NOTE
r-release-windows-ix86+x86_64 1.6 68.00 321.00 389.00 OK
r-oldrel-macos-x86_64 1.6 NOTE
r-oldrel-windows-ix86+x86_64 1.6 72.00 495.00 567.00 OK

Check Details

Version: 1.6
Check: dependencies in R code
Result: NOTE
    Namespace in Imports field not imported from: ‘spatstat’
     All declared Imports should be used.
Flavors: r-devel-linux-x86_64-fedora-clang, r-devel-linux-x86_64-fedora-gcc, r-devel-windows-x86_64-gcc10-UCRT, r-patched-solaris-x86, r-release-macos-x86_64, r-oldrel-macos-x86_64