CRAN Package Check Results for Package spatstat.gui

Last updated on 2021-11-01 00:49:54 CET.

Flavor Version Tinstall Tcheck Ttotal Status Flags
r-devel-linux-x86_64-debian-clang 2.0-0 8.83 97.03 105.86 NOTE
r-devel-linux-x86_64-debian-gcc 2.0-0 7.52 76.52 84.04 NOTE
r-devel-linux-x86_64-fedora-clang 2.0-0 147.76 NOTE
r-devel-linux-x86_64-fedora-gcc 2.0-0 130.94 NOTE
r-devel-windows-x86_64 2.0-0 14.00 89.00 103.00 NOTE
r-devel-windows-x86_64-gcc10-UCRT 2.0-0 NOTE
r-patched-linux-x86_64 2.0-0 9.60 94.74 104.34 NOTE
r-patched-solaris-x86 2.0-0 196.30 NOTE
r-release-linux-x86_64 2.0-0 9.21 95.72 104.93 NOTE
r-release-macos-arm64 2.0-0 NOTE
r-release-macos-x86_64 2.0-0 NOTE
r-release-windows-ix86+x86_64 2.0-0 15.00 81.00 96.00 NOTE
r-oldrel-macos-x86_64 2.0-0 NOTE
r-oldrel-windows-ix86+x86_64 2.0-0 15.00 122.00 137.00 NOTE

Check Details

Version: 2.0-0
Check: package dependencies
Result: NOTE
    Depends: includes the non-default packages:
     'spatstat.geom', 'spatstat.core', 'spatstat.linnet', 'spatstat.data',
     'rpanel', 'tcltk'
    Adding so many packages to the search path is excessive and importing
    selectively is preferable.
Flavors: r-devel-linux-x86_64-debian-clang, r-devel-linux-x86_64-debian-gcc, r-devel-linux-x86_64-fedora-clang, r-devel-linux-x86_64-fedora-gcc, r-devel-windows-x86_64, r-devel-windows-x86_64-gcc10-UCRT, r-patched-linux-x86_64, r-patched-solaris-x86, r-release-linux-x86_64, r-release-macos-arm64, r-release-macos-x86_64, r-release-windows-ix86+x86_64, r-oldrel-macos-x86_64, r-oldrel-windows-ix86+x86_64