CRAN Package Check Results for Package spatialfusion

Last updated on 2021-11-01 00:49:54 CET.

Flavor Version Tinstall Tcheck Ttotal Status Flags
r-devel-linux-x86_64-debian-clang 0.6-4 20.42 179.14 199.56 NOTE
r-devel-linux-x86_64-debian-gcc 0.6-4 18.16 137.29 155.45 NOTE
r-devel-linux-x86_64-fedora-clang 0.6-4 259.45 OK
r-devel-linux-x86_64-fedora-gcc 0.6-4 253.34 OK
r-devel-windows-x86_64 0.6-4 33.00 159.00 192.00 OK
r-devel-windows-x86_64-gcc10-UCRT 0.6-4 NOTE
r-patched-linux-x86_64 0.6-4 24.16 177.05 201.21 NOTE
r-patched-solaris-x86 0.6-4 372.60 NOTE
r-release-linux-x86_64 0.6-4 20.60 179.98 200.58 NOTE
r-release-macos-arm64 0.6-4 NOTE
r-release-macos-x86_64 0.6-4 NOTE
r-release-windows-ix86+x86_64 0.6-4 38.00 158.00 196.00 OK
r-oldrel-macos-x86_64 0.6-4 NOTE
r-oldrel-windows-ix86+x86_64 0.6-4 40.00 217.00 257.00 OK

Check Details

Version: 0.6-4
Check: package dependencies
Result: NOTE
    Package suggested but not available for checking: 'INLA'
Flavors: r-devel-linux-x86_64-debian-clang, r-devel-linux-x86_64-debian-gcc, r-devel-windows-x86_64-gcc10-UCRT, r-patched-linux-x86_64, r-patched-solaris-x86, r-release-linux-x86_64, r-release-macos-arm64, r-release-macos-x86_64, r-oldrel-macos-x86_64