CRAN Package Check Results for Package spatialEco

Last updated on 2021-11-01 00:49:54 CET.

Flavor Version Tinstall Tcheck Ttotal Status Flags
r-devel-linux-x86_64-debian-clang 1.3-7 32.99 387.44 420.43 OK
r-devel-linux-x86_64-debian-gcc 1.3-7 26.65 290.65 317.30 OK
r-devel-linux-x86_64-fedora-clang 1.3-7 518.66 OK
r-devel-linux-x86_64-fedora-gcc 1.3-7 490.54 OK
r-devel-windows-x86_64 1.3-7 51.00 236.00 287.00 ERROR
r-devel-windows-x86_64-gcc10-UCRT 1.3-7 OK
r-patched-linux-x86_64 1.3-7 33.89 360.11 394.00 OK
r-patched-solaris-x86 1.3-7 590.90 OK
r-release-linux-x86_64 1.3-7 34.98 362.31 397.29 OK
r-release-macos-arm64 1.3-7 OK
r-release-macos-x86_64 1.3-7 OK
r-release-windows-ix86+x86_64 1.3-7 50.00 227.00 277.00 ERROR
r-oldrel-macos-x86_64 1.3-7 OK
r-oldrel-windows-ix86+x86_64 1.3-7 57.00 322.00 379.00 ERROR

Check Details

Version: 1.3-7
Check: examples
Result: ERROR
    Running examples in 'spatialEco-Ex.R' failed
    The error most likely occurred in:
    
    > ### Name: cgls_urls
    > ### Title: Provide URL's for Copernicus Global Land Service datasets
    > ### Aliases: cgls_urls
    >
    > ### ** Examples
    >
    > # Create date string for query
    > d <- seq(as.Date("2020/05/01"), as.Date("2020-09-01"), by="day")
    >
    > # Search for 300m (333m) LAI within specified date range
    > all.urls <- cgls_urls(dates = d, resolution = 300,
    + product = "lai")
    Warning in file(con, "r") :
     URL 'https://land.copernicus.vgt.vito.be/manifest/': status was 'SSL connect error'
    Error in file(con, "r") :
     cannot open the connection to 'http://land.copernicus.vgt.vito.be/manifest/'
    Calls: cgls_urls -> paste -> readLines -> file
    Execution halted
Flavor: r-devel-windows-x86_64

Version: 1.3-7
Check: examples
Result: ERROR
    Running examples in 'spatialEco-Ex.R' failed
    The error most likely occurred in:
    
    > ### Name: cgls_urls
    > ### Title: Provide URL's for Copernicus Global Land Service datasets
    > ### Aliases: cgls_urls
    >
    > ### ** Examples
    >
    > # Create date string for query
    > d <- seq(as.Date("2020/05/01"), as.Date("2020-09-01"), by="day")
    >
    > # Search for 300m (333m) LAI within specified date range
    > all.urls <- cgls_urls(dates = d, resolution = 300,
    + product = "lai")
    Warning in file(con, "r") :
     InternetOpenUrl failed: 'Die Serververbindung konnte nicht hergestellt werden.'
    Error in file(con, "r") : cannot open the connection
    Calls: cgls_urls -> paste -> readLines -> file
    Execution halted
Flavors: r-release-windows-ix86+x86_64, r-oldrel-windows-ix86+x86_64