Last updated on 2021-11-01 00:49:54 CET.
Flavor | Version | Tinstall | Tcheck | Ttotal | Status | Flags |
---|---|---|---|---|---|---|
r-devel-linux-x86_64-debian-clang | 1.3 | 30.89 | 109.83 | 140.72 | NOTE | |
r-devel-linux-x86_64-debian-gcc | 1.3 | 23.02 | 81.73 | 104.75 | NOTE | |
r-devel-linux-x86_64-fedora-clang | 1.3 | 195.85 | NOTE | |||
r-devel-linux-x86_64-fedora-gcc | 1.3 | 170.50 | NOTE | |||
r-devel-windows-x86_64 | 1.3 | 43.00 | 107.00 | 150.00 | NOTE | |
r-devel-windows-x86_64-gcc10-UCRT | 1.3 | NOTE | ||||
r-patched-linux-x86_64 | 1.3 | 28.53 | 103.33 | 131.86 | NOTE | |
r-patched-solaris-x86 | 1.3 | 220.30 | NOTE | |||
r-release-linux-x86_64 | 1.3 | 27.28 | 102.29 | 129.57 | NOTE | |
r-release-macos-arm64 | 1.3 | NOTE | ||||
r-release-macos-x86_64 | 1.3 | NOTE | ||||
r-release-windows-ix86+x86_64 | 1.3 | 54.00 | 145.00 | 199.00 | NOTE | |
r-oldrel-macos-x86_64 | 1.3 | OK | ||||
r-oldrel-windows-ix86+x86_64 | 1.3 | 58.00 | 188.00 | 246.00 | OK |
Version: 1.3
Check: LazyData
Result: NOTE
'LazyData' is specified without a 'data' directory
Flavors: r-devel-linux-x86_64-debian-clang, r-devel-linux-x86_64-debian-gcc, r-devel-linux-x86_64-fedora-clang, r-devel-linux-x86_64-fedora-gcc, r-devel-windows-x86_64, r-devel-windows-x86_64-gcc10-UCRT, r-patched-linux-x86_64, r-patched-solaris-x86, r-release-linux-x86_64, r-release-macos-arm64, r-release-macos-x86_64, r-release-windows-ix86+x86_64