CRAN Package Check Results for Package sparsereg

Last updated on 2021-11-01 00:49:54 CET.

Flavor Version Tinstall Tcheck Ttotal Status Flags
r-devel-linux-x86_64-debian-clang 1.2 67.31 115.25 182.56 OK
r-devel-linux-x86_64-debian-gcc 1.2 54.76 108.58 163.34 OK
r-devel-linux-x86_64-fedora-clang 1.2 300.33 NOTE
r-devel-linux-x86_64-fedora-gcc 1.2 234.78 NOTE
r-devel-windows-x86_64 1.2 96.00 111.00 207.00 OK
r-devel-windows-x86_64-gcc10-UCRT 1.2 OK
r-patched-linux-x86_64 1.2 66.45 109.17 175.62 OK
r-patched-solaris-x86 1.2 279.70 OK
r-release-linux-x86_64 1.2 64.88 134.77 199.65 OK
r-release-macos-arm64 1.2 OK
r-release-macos-x86_64 1.2 OK
r-release-windows-ix86+x86_64 1.2 124.00 147.00 271.00 OK
r-oldrel-macos-x86_64 1.2 OK
r-oldrel-windows-ix86+x86_64 1.2 138.00 197.00 335.00 OK

Check Details

Version: 1.2
Check: compiled code
Result: NOTE
    File ‘sparsereg/libs/sparsereg.so’:
     Found no calls to: ‘R_registerRoutines’, ‘R_useDynamicSymbols’
    
    It is good practice to register native routines and to disable symbol
    search.
    
    See ‘Writing portable packages’ in the ‘Writing R Extensions’ manual.
Flavors: r-devel-linux-x86_64-fedora-clang, r-devel-linux-x86_64-fedora-gcc