CRAN Package Check Results for Package sparr

Last updated on 2021-11-01 00:49:54 CET.

Flavor Version Tinstall Tcheck Ttotal Status Flags
r-devel-linux-x86_64-debian-clang 2.2-15 19.40 123.61 143.01 OK
r-devel-linux-x86_64-debian-gcc 2.2-15 13.67 96.51 110.18 OK
r-devel-linux-x86_64-fedora-clang 2.2-15 189.64 NOTE
r-devel-linux-x86_64-fedora-gcc 2.2-15 177.83 OK
r-devel-windows-x86_64 2.2-15 22.00 112.00 134.00 OK
r-devel-windows-x86_64-gcc10-UCRT 2.2-15 OK
r-patched-linux-x86_64 2.2-15 23.73 121.76 145.49 OK
r-patched-solaris-x86 2.2-15 247.30 OK
r-release-linux-x86_64 2.2-15 18.94 121.50 140.44 OK
r-release-macos-arm64 2.2-15 OK
r-release-macos-x86_64 2.2-15 OK
r-release-windows-ix86+x86_64 2.2-15 19.00 108.00 127.00 OK
r-oldrel-macos-x86_64 2.2-15 OK
r-oldrel-windows-ix86+x86_64 2.2-15 22.00 151.00 173.00 OK

Check Details

Version: 2.2-15
Check: Rd cross-references
Result: NOTE
    Undeclared packages ‘splancs’, ‘spatstat.data’ in Rd xrefs
Flavor: r-devel-linux-x86_64-fedora-clang