Last updated on 2021-11-01 00:49:54 CET.
Flavor | Version | Tinstall | Tcheck | Ttotal | Status | Flags |
---|---|---|---|---|---|---|
r-devel-linux-x86_64-debian-clang | 0.0.4 | 9.61 | 91.66 | 101.27 | OK | |
r-devel-linux-x86_64-debian-gcc | 0.0.4 | 7.36 | 67.37 | 74.73 | OK | |
r-devel-linux-x86_64-fedora-clang | 0.0.4 | 127.48 | NOTE | |||
r-devel-linux-x86_64-fedora-gcc | 0.0.4 | 115.49 | NOTE | |||
r-devel-windows-x86_64 | 0.0.4 | 16.00 | 92.00 | 108.00 | OK | |
r-devel-windows-x86_64-gcc10-UCRT | 0.0.4 | NOTE | ||||
r-patched-linux-x86_64 | 0.0.4 | 9.30 | 84.64 | 93.94 | OK | |
r-patched-solaris-x86 | 0.0.4 | 148.30 | NOTE | |||
r-release-linux-x86_64 | 0.0.4 | 9.25 | 84.60 | 93.85 | OK | |
r-release-macos-arm64 | 0.0.4 | NOTE | ||||
r-release-macos-x86_64 | 0.0.4 | NOTE | ||||
r-release-windows-ix86+x86_64 | 0.0.4 | 14.00 | 86.00 | 100.00 | OK | |
r-oldrel-macos-x86_64 | 0.0.4 | NOTE | ||||
r-oldrel-windows-ix86+x86_64 | 0.0.4 | 18.00 | 123.00 | 141.00 | OK |
Version: 0.0.4
Check: dependencies in R code
Result: NOTE
Namespace in Imports field not imported from: ‘methods’
All declared Imports should be used.
Flavors: r-devel-linux-x86_64-fedora-clang, r-devel-linux-x86_64-fedora-gcc, r-devel-windows-x86_64-gcc10-UCRT, r-patched-solaris-x86, r-release-macos-arm64, r-release-macos-x86_64, r-oldrel-macos-x86_64
Version: 0.0.4
Check: package dependencies
Result: NOTE
Package suggested but not available for checking: ‘av’
Flavor: r-patched-solaris-x86