CRAN Package Check Results for Package sobolnp

Last updated on 2021-11-01 00:49:54 CET.

Flavor Version Tinstall Tcheck Ttotal Status Flags
r-devel-linux-x86_64-debian-clang 0.1.0 8.33 91.67 100.00 NOTE
r-devel-linux-x86_64-debian-gcc 0.1.0 10.76 109.87 120.63 NOTE
r-devel-linux-x86_64-fedora-clang 0.1.0 203.44 NOTE
r-devel-linux-x86_64-fedora-gcc 0.1.0 120.18 NOTE
r-devel-windows-x86_64 0.1.0 13.00 88.00 101.00 NOTE
r-devel-windows-x86_64-gcc10-UCRT 0.1.0 NOTE
r-patched-linux-x86_64 0.1.0 8.47 90.64 99.11 NOTE
r-patched-solaris-x86 0.1.0 175.90 NOTE
r-release-linux-x86_64 0.1.0 13.08 139.24 152.32 NOTE
r-release-macos-arm64 0.1.0 NOTE
r-release-macos-x86_64 0.1.0 NOTE
r-release-windows-ix86+x86_64 0.1.0 12.00 89.00 101.00 NOTE
r-oldrel-macos-x86_64 0.1.0 OK
r-oldrel-windows-ix86+x86_64 0.1.0 14.00 114.00 128.00 OK

Check Details

Version: 0.1.0
Check: LazyData
Result: NOTE
     'LazyData' is specified without a 'data' directory
Flavors: r-devel-linux-x86_64-debian-clang, r-devel-linux-x86_64-debian-gcc, r-devel-linux-x86_64-fedora-clang, r-devel-linux-x86_64-fedora-gcc, r-devel-windows-x86_64, r-devel-windows-x86_64-gcc10-UCRT, r-patched-linux-x86_64, r-patched-solaris-x86, r-release-linux-x86_64, r-release-macos-arm64, r-release-macos-x86_64, r-release-windows-ix86+x86_64