Last updated on 2021-11-01 00:49:54 CET.
Flavor | Version | Tinstall | Tcheck | Ttotal | Status | Flags |
---|---|---|---|---|---|---|
r-devel-linux-x86_64-debian-clang | 2.1-3 | 22.44 | 339.27 | 361.71 | OK | |
r-devel-linux-x86_64-debian-gcc | 2.1-3 | 18.06 | 243.54 | 261.60 | OK | |
r-devel-linux-x86_64-fedora-clang | 2.1-3 | 436.90 | NOTE | |||
r-devel-linux-x86_64-fedora-gcc | 2.1-3 | 422.32 | NOTE | |||
r-devel-windows-x86_64 | 2.1-3 | 37.00 | 301.00 | 338.00 | OK | |
r-devel-windows-x86_64-gcc10-UCRT | 2.1-3 | NOTE | ||||
r-patched-linux-x86_64 | 2.1-3 | 26.79 | 317.82 | 344.61 | OK | |
r-patched-solaris-x86 | 2.1-3 | 537.10 | NOTE | |||
r-release-linux-x86_64 | 2.1-3 | 21.28 | 318.19 | 339.47 | OK | |
r-release-macos-arm64 | 2.1-3 | NOTE | ||||
r-release-macos-x86_64 | 2.1-3 | NOTE | ||||
r-release-windows-ix86+x86_64 | 2.1-3 | 39.00 | 351.00 | 390.00 | OK | |
r-oldrel-macos-x86_64 | 2.1-3 | NOTE | ||||
r-oldrel-windows-ix86+x86_64 | 2.1-3 | 36.00 | 463.00 | 499.00 | OK |
Version: 2.1-3
Check: data for non-ASCII characters
Result: NOTE
Note: found 15 marked Latin-1 strings
Note: found 2 marked UTF-8 strings
Flavors: r-devel-linux-x86_64-fedora-clang, r-devel-linux-x86_64-fedora-gcc, r-devel-windows-x86_64-gcc10-UCRT, r-patched-solaris-x86, r-release-macos-arm64, r-release-macos-x86_64, r-oldrel-macos-x86_64