CRAN Package Check Results for Package slackr

Last updated on 2021-11-01 00:49:54 CET.

Flavor Version Tinstall Tcheck Ttotal Status Flags
r-devel-linux-x86_64-debian-clang 3.2.0 5.37 57.25 62.62 OK
r-devel-linux-x86_64-debian-gcc 3.2.0 4.84 43.34 48.18 OK
r-devel-linux-x86_64-fedora-clang 3.2.0 88.49 NOTE
r-devel-linux-x86_64-fedora-gcc 3.2.0 73.67 NOTE
r-devel-windows-x86_64 3.2.0 10.00 62.00 72.00 OK
r-devel-windows-x86_64-gcc10-UCRT 3.2.0 NOTE
r-patched-linux-x86_64 3.2.0 6.42 54.15 60.57 OK
r-patched-solaris-x86 3.2.0 106.70 NOTE
r-release-linux-x86_64 3.2.0 5.38 54.01 59.39 OK
r-release-macos-arm64 3.2.0 NOTE
r-release-macos-x86_64 3.2.0 NOTE
r-release-windows-ix86+x86_64 3.2.0 11.00 58.00 69.00 OK
r-oldrel-macos-x86_64 3.2.0 NOTE
r-oldrel-windows-ix86+x86_64 3.2.0 12.00 73.00 85.00 OK

Check Details

Version: 3.2.0
Check: dependencies in R code
Result: NOTE
    Namespace in Imports field not imported from: ‘methods’
     All declared Imports should be used.
Flavors: r-devel-linux-x86_64-fedora-clang, r-devel-linux-x86_64-fedora-gcc, r-devel-windows-x86_64-gcc10-UCRT, r-patched-solaris-x86, r-release-macos-arm64, r-release-macos-x86_64, r-oldrel-macos-x86_64