CRAN Package Check Results for Package sketcher

Last updated on 2021-11-01 00:49:54 CET.

Flavor Version Tinstall Tcheck Ttotal Status Flags
r-devel-linux-x86_64-debian-clang 0.1.3 3.65 29.15 32.80 OK
r-devel-linux-x86_64-debian-gcc 0.1.3 3.46 23.82 27.28 OK
r-devel-linux-x86_64-fedora-clang 0.1.3 52.74 NOTE
r-devel-linux-x86_64-fedora-gcc 0.1.3 41.83 NOTE
r-devel-windows-x86_64 0.1.3 8.00 39.00 47.00 OK
r-devel-windows-x86_64-gcc10-UCRT 0.1.3 NOTE
r-patched-linux-x86_64 0.1.3 4.60 28.88 33.48 OK
r-patched-solaris-x86 0.1.3 64.70 NOTE
r-release-linux-x86_64 0.1.3 3.90 28.53 32.43 OK
r-release-macos-arm64 0.1.3 NOTE
r-release-macos-x86_64 0.1.3 NOTE
r-release-windows-ix86+x86_64 0.1.3 7.00 38.00 45.00 OK
r-oldrel-macos-x86_64 0.1.3 NOTE
r-oldrel-windows-ix86+x86_64 0.1.3 6.00 45.00 51.00 OK

Check Details

Version: 0.1.3
Check: dependencies in R code
Result: NOTE
    Namespaces in Imports field not imported from:
     ‘dplyr’ ‘methods’
     All declared Imports should be used.
Flavors: r-devel-linux-x86_64-fedora-clang, r-devel-linux-x86_64-fedora-gcc, r-devel-windows-x86_64-gcc10-UCRT, r-patched-solaris-x86, r-release-macos-arm64, r-release-macos-x86_64, r-oldrel-macos-x86_64