CRAN Package Check Results for Package simts

Last updated on 2021-11-01 00:49:54 CET.

Flavor Version Tinstall Tcheck Ttotal Status Flags
r-devel-linux-x86_64-debian-clang 0.1.1 451.50 126.73 578.23 OK
r-devel-linux-x86_64-debian-gcc 0.1.1 347.53 95.13 442.66 OK
r-devel-linux-x86_64-fedora-clang 0.1.1 1009.36 NOTE
r-devel-linux-x86_64-fedora-gcc 0.1.1 832.42 OK
r-devel-windows-x86_64 0.1.1 608.00 130.00 738.00 NOTE
r-devel-windows-x86_64-gcc10-UCRT 0.1.1 OK
r-patched-linux-x86_64 0.1.1 417.89 121.51 539.40 OK
r-patched-solaris-x86 0.1.1 646.50 OK
r-release-linux-x86_64 0.1.1 404.21 121.95 526.16 OK
r-release-macos-arm64 0.1.1 NOTE
r-release-macos-x86_64 0.1.1 NOTE
r-release-windows-ix86+x86_64 0.1.1 862.00 173.00 1035.00 NOTE
r-oldrel-macos-x86_64 0.1.1 NOTE
r-oldrel-windows-ix86+x86_64 0.1.1 860.00 215.00 1075.00 NOTE

Check Details

Version: 0.1.1
Check: installed package size
Result: NOTE
     installed size is 21.4Mb
     sub-directories of 1Mb or more:
     doc 2.1Mb
     libs 18.3Mb
Flavors: r-devel-linux-x86_64-fedora-clang, r-devel-windows-x86_64, r-release-macos-arm64, r-release-macos-x86_64, r-release-windows-ix86+x86_64, r-oldrel-macos-x86_64, r-oldrel-windows-ix86+x86_64