CRAN Package Check Results for Package sigmajs

Last updated on 2021-11-01 00:49:53 CET.

Flavor Version Tinstall Tcheck Ttotal Status Flags
r-devel-linux-x86_64-debian-clang 0.1.5 4.79 53.36 58.15 OK
r-devel-linux-x86_64-debian-gcc 0.1.5 3.70 40.52 44.22 OK
r-devel-linux-x86_64-fedora-clang 0.1.5 81.52 NOTE
r-devel-linux-x86_64-fedora-gcc 0.1.5 69.25 NOTE
r-devel-windows-x86_64 0.1.5 9.00 63.00 72.00 OK
r-devel-windows-x86_64-gcc10-UCRT 0.1.5 NOTE
r-patched-linux-x86_64 0.1.5 5.41 51.14 56.55 OK
r-patched-solaris-x86 0.1.5 99.80 NOTE
r-release-linux-x86_64 0.1.5 4.77 50.97 55.74 OK
r-release-macos-arm64 0.1.5 NOTE
r-release-macos-x86_64 0.1.5 NOTE
r-release-windows-ix86+x86_64 0.1.5 9.00 62.00 71.00 OK
r-oldrel-macos-x86_64 0.1.5 NOTE
r-oldrel-windows-ix86+x86_64 0.1.5 9.00 78.00 87.00 OK

Check Details

Version: 0.1.5
Check: data for non-ASCII characters
Result: NOTE
     Note: found 28 marked UTF-8 strings
Flavors: r-devel-linux-x86_64-fedora-clang, r-devel-linux-x86_64-fedora-gcc, r-devel-windows-x86_64-gcc10-UCRT, r-patched-solaris-x86, r-release-macos-arm64, r-release-macos-x86_64, r-oldrel-macos-x86_64