Last updated on 2021-11-01 00:49:53 CET.
Flavor | Version | Tinstall | Tcheck | Ttotal | Status | Flags |
---|---|---|---|---|---|---|
r-devel-linux-x86_64-debian-clang | 0.1.0 | 3.71 | 32.25 | 35.96 | NOTE | |
r-devel-linux-x86_64-debian-gcc | 0.1.0 | 3.05 | 25.41 | 28.46 | NOTE | |
r-devel-linux-x86_64-fedora-clang | 0.1.0 | 53.71 | NOTE | |||
r-devel-linux-x86_64-fedora-gcc | 0.1.0 | 42.52 | NOTE | |||
r-devel-windows-x86_64 | 0.1.0 | 8.00 | 39.00 | 47.00 | NOTE | |
r-devel-windows-x86_64-gcc10-UCRT | 0.1.0 | NOTE | ||||
r-patched-linux-x86_64 | 0.1.0 | 3.80 | 31.13 | 34.93 | NOTE | |
r-patched-solaris-x86 | 0.1.0 | 66.80 | NOTE | |||
r-release-linux-x86_64 | 0.1.0 | 3.68 | 31.40 | 35.08 | NOTE | |
r-release-macos-arm64 | 0.1.0 | NOTE | ||||
r-release-macos-x86_64 | 0.1.0 | NOTE | ||||
r-release-windows-ix86+x86_64 | 0.1.0 | 8.00 | 40.00 | 48.00 | NOTE | |
r-oldrel-macos-x86_64 | 0.1.0 | OK | ||||
r-oldrel-windows-ix86+x86_64 | 0.1.0 | 8.00 | 49.00 | 57.00 | OK |
Version: 0.1.0
Check: LazyData
Result: NOTE
'LazyData' is specified without a 'data' directory
Flavors: r-devel-linux-x86_64-debian-clang, r-devel-linux-x86_64-debian-gcc, r-devel-linux-x86_64-fedora-clang, r-devel-linux-x86_64-fedora-gcc, r-devel-windows-x86_64, r-devel-windows-x86_64-gcc10-UCRT, r-patched-linux-x86_64, r-patched-solaris-x86, r-release-linux-x86_64, r-release-macos-arm64, r-release-macos-x86_64, r-release-windows-ix86+x86_64