Last updated on 2021-11-01 00:49:53 CET.
Flavor | Version | Tinstall | Tcheck | Ttotal | Status | Flags |
---|---|---|---|---|---|---|
r-devel-linux-x86_64-debian-clang | 0.1.3 | 9.50 | 87.96 | 97.46 | NOTE | |
r-devel-linux-x86_64-debian-gcc | 0.1.3 | 7.47 | 67.38 | 74.85 | NOTE | |
r-devel-linux-x86_64-fedora-clang | 0.1.3 | 132.34 | NOTE | |||
r-devel-linux-x86_64-fedora-gcc | 0.1.3 | 120.87 | NOTE | |||
r-devel-windows-x86_64 | 0.1.3 | 15.00 | 95.00 | 110.00 | NOTE | |
r-devel-windows-x86_64-gcc10-UCRT | 0.1.3 | NOTE | ||||
r-patched-linux-x86_64 | 0.1.3 | 8.81 | 84.41 | 93.22 | NOTE | |
r-patched-solaris-x86 | 0.1.3 | 170.80 | NOTE | |||
r-release-linux-x86_64 | 0.1.3 | 8.37 | 83.85 | 92.22 | NOTE | |
r-release-macos-arm64 | 0.1.3 | NOTE | ||||
r-release-macos-x86_64 | 0.1.3 | NOTE | ||||
r-release-windows-ix86+x86_64 | 0.1.3 | 16.00 | 89.00 | 105.00 | NOTE | |
r-oldrel-macos-x86_64 | 0.1.3 | OK | ||||
r-oldrel-windows-ix86+x86_64 | 0.1.3 | 17.00 | 121.00 | 138.00 | OK |
Version: 0.1.3
Check: LazyData
Result: NOTE
'LazyData' is specified without a 'data' directory
Flavors: r-devel-linux-x86_64-debian-clang, r-devel-linux-x86_64-debian-gcc, r-devel-linux-x86_64-fedora-clang, r-devel-linux-x86_64-fedora-gcc, r-devel-windows-x86_64, r-devel-windows-x86_64-gcc10-UCRT, r-patched-linux-x86_64, r-patched-solaris-x86, r-release-linux-x86_64, r-release-macos-arm64, r-release-macos-x86_64, r-release-windows-ix86+x86_64