Last updated on 2021-11-01 00:49:53 CET.
Flavor | Version | Tinstall | Tcheck | Ttotal | Status | Flags |
---|---|---|---|---|---|---|
r-devel-linux-x86_64-debian-clang | 0.7 | 3.25 | 22.13 | 25.38 | NOTE | |
r-devel-linux-x86_64-debian-gcc | 0.7 | 2.34 | 17.59 | 19.93 | NOTE | |
r-devel-linux-x86_64-fedora-clang | 0.7 | 41.89 | NOTE | |||
r-devel-linux-x86_64-fedora-gcc | 0.7 | 30.75 | NOTE | |||
r-devel-windows-x86_64 | 0.7 | 5.00 | 33.00 | 38.00 | NOTE | |
r-devel-windows-x86_64-gcc10-UCRT | 0.7 | NOTE | ||||
r-patched-linux-x86_64 | 0.7 | 3.18 | 21.58 | 24.76 | NOTE | |
r-patched-solaris-x86 | 0.7 | 47.90 | NOTE | |||
r-release-linux-x86_64 | 0.7 | 3.15 | 21.91 | 25.06 | NOTE | |
r-release-macos-arm64 | 0.7 | NOTE | ||||
r-release-macos-x86_64 | 0.7 | NOTE | ||||
r-release-windows-ix86+x86_64 | 0.7 | 6.00 | 32.00 | 38.00 | NOTE | |
r-oldrel-macos-x86_64 | 0.7 | NOTE | ||||
r-oldrel-windows-ix86+x86_64 | 0.7 | 32.00 | 37.00 | 69.00 | NOTE |
Version: 0.7
Check: DESCRIPTION meta-information
Result: NOTE
Malformed Description field: should contain one or more complete sentences.
Flavors: r-devel-linux-x86_64-debian-clang, r-devel-linux-x86_64-debian-gcc, r-devel-linux-x86_64-fedora-clang, r-devel-linux-x86_64-fedora-gcc, r-devel-windows-x86_64, r-devel-windows-x86_64-gcc10-UCRT, r-patched-linux-x86_64, r-patched-solaris-x86, r-release-linux-x86_64, r-release-macos-arm64, r-release-macos-x86_64, r-release-windows-ix86+x86_64, r-oldrel-macos-x86_64, r-oldrel-windows-ix86+x86_64
Version: 0.7
Check: dependencies in R code
Result: NOTE
'library' or 'require' call to 'foreign' which was already attached by Depends.
Please remove these calls from your code.
Flavors: r-devel-linux-x86_64-debian-clang, r-devel-linux-x86_64-debian-gcc, r-devel-linux-x86_64-fedora-clang, r-devel-linux-x86_64-fedora-gcc, r-devel-windows-x86_64, r-devel-windows-x86_64-gcc10-UCRT, r-patched-linux-x86_64, r-patched-solaris-x86, r-release-linux-x86_64, r-release-macos-arm64, r-release-macos-x86_64, r-release-windows-ix86+x86_64, r-oldrel-macos-x86_64, r-oldrel-windows-ix86+x86_64