Last updated on 2021-11-01 00:49:53 CET.
Flavor | Version | Tinstall | Tcheck | Ttotal | Status | Flags |
---|---|---|---|---|---|---|
r-devel-linux-x86_64-debian-clang | 1.2 | 2.42 | 21.48 | 23.90 | NOTE | |
r-devel-linux-x86_64-debian-gcc | 1.2 | 1.71 | 16.89 | 18.60 | NOTE | |
r-devel-linux-x86_64-fedora-clang | 1.2 | 40.50 | NOTE | |||
r-devel-linux-x86_64-fedora-gcc | 1.2 | 29.06 | NOTE | |||
r-devel-windows-x86_64 | 1.2 | 4.00 | 29.00 | 33.00 | NOTE | |
r-devel-windows-x86_64-gcc10-UCRT | 1.2 | NOTE | ||||
r-patched-linux-x86_64 | 1.2 | 2.41 | 20.97 | 23.38 | NOTE | |
r-patched-solaris-x86 | 1.2 | 45.90 | NOTE | |||
r-release-linux-x86_64 | 1.2 | 2.10 | 20.53 | 22.63 | NOTE | |
r-release-macos-arm64 | 1.2 | NOTE | ||||
r-release-macos-x86_64 | 1.2 | NOTE | ||||
r-release-windows-ix86+x86_64 | 1.2 | 4.00 | 30.00 | 34.00 | NOTE | |
r-oldrel-macos-x86_64 | 1.2 | OK | ||||
r-oldrel-windows-ix86+x86_64 | 1.2 | 5.00 | 45.00 | 50.00 | OK |
Version: 1.2
Check: LazyData
Result: NOTE
'LazyData' is specified without a 'data' directory
Flavors: r-devel-linux-x86_64-debian-clang, r-devel-linux-x86_64-debian-gcc, r-devel-linux-x86_64-fedora-clang, r-devel-linux-x86_64-fedora-gcc, r-devel-windows-x86_64, r-devel-windows-x86_64-gcc10-UCRT, r-patched-linux-x86_64, r-patched-solaris-x86, r-release-linux-x86_64, r-release-macos-arm64, r-release-macos-x86_64, r-release-windows-ix86+x86_64