CRAN Package Check Results for Package sen2r

Last updated on 2021-11-01 00:49:53 CET.

Flavor Version Tinstall Tcheck Ttotal Status Flags
r-devel-linux-x86_64-debian-clang 1.5.0 41.31 414.77 456.08 OK
r-devel-linux-x86_64-debian-gcc 1.5.0 36.25 323.22 359.47 OK
r-devel-linux-x86_64-fedora-clang 1.5.0 566.27 OK
r-devel-linux-x86_64-fedora-gcc 1.5.0 552.72 OK
r-devel-windows-x86_64 1.5.0 73.00 381.00 454.00 OK
r-devel-windows-x86_64-gcc10-UCRT 1.5.0 OK
r-patched-linux-x86_64 1.5.0 49.85 405.66 455.51 OK
r-patched-solaris-x86 1.5.0 752.80 NOTE
r-release-linux-x86_64 1.5.0 39.95 406.22 446.17 OK
r-release-macos-arm64 1.5.0 OK
r-release-macos-x86_64 1.5.0 OK
r-release-windows-ix86+x86_64 1.5.0 71.00 388.00 459.00 OK
r-oldrel-macos-x86_64 1.5.0 OK
r-oldrel-windows-ix86+x86_64 1.5.0 78.00 537.00 615.00 OK

Check Details

Version: 1.5.0
Check: package dependencies
Result: NOTE
    Package suggested but not available for checking: ‘geojsonlint’
Flavor: r-patched-solaris-x86