Last updated on 2021-11-01 00:49:53 CET.
Flavor | Version | Tinstall | Tcheck | Ttotal | Status | Flags |
---|---|---|---|---|---|---|
r-devel-linux-x86_64-debian-clang | 1.2.5 | 55.68 | 114.38 | 170.06 | OK | |
r-devel-linux-x86_64-debian-gcc | 1.2.5 | 40.19 | 86.12 | 126.31 | OK | |
r-devel-linux-x86_64-fedora-clang | 1.2.5 | 221.72 | OK | |||
r-devel-linux-x86_64-fedora-gcc | 1.2.5 | 216.37 | OK | |||
r-devel-windows-x86_64 | 1.2.5 | 73.00 | 112.00 | 185.00 | OK | |
r-devel-windows-x86_64-gcc10-UCRT | 1.2.5 | NOTE | ||||
r-patched-linux-x86_64 | 1.2.5 | 51.62 | 112.12 | 163.74 | OK | |
r-patched-solaris-x86 | 1.2.5 | 234.20 | OK | |||
r-release-linux-x86_64 | 1.2.5 | 48.27 | 111.85 | 160.12 | OK | |
r-release-macos-arm64 | 1.2.5 | OK | ||||
r-release-macos-x86_64 | 1.2.5 | OK | ||||
r-release-windows-ix86+x86_64 | 1.2.5 | 82.00 | 139.00 | 221.00 | OK | |
r-oldrel-macos-x86_64 | 1.2.5 | OK | ||||
r-oldrel-windows-ix86+x86_64 | 1.2.5 | 83.00 | 193.00 | 276.00 | OK |
Version: 1.2.5
Check: line endings in C/C++/Fortran sources/headers
Result: NOTE
Found the following sources/headers with CR or CRLF line endings:
src/RcppExports.cpp
Some Unix compilers require LF line endings.
Flavor: r-devel-windows-x86_64-gcc10-UCRT