CRAN Package Check Results for Package seasonal

Last updated on 2021-11-01 00:49:53 CET.

Flavor Version Tinstall Tcheck Ttotal Status Flags
r-devel-linux-x86_64-debian-clang 1.8.4 7.51 89.73 97.24 OK
r-devel-linux-x86_64-debian-gcc 1.8.4 5.84 67.69 73.53 OK
r-devel-linux-x86_64-fedora-clang 1.8.4 126.65 OK
r-devel-linux-x86_64-fedora-gcc 1.8.4 114.78 OK
r-devel-windows-x86_64 1.8.4 11.00 112.00 123.00 OK
r-devel-windows-x86_64-gcc10-UCRT 1.8.4 OK
r-patched-linux-x86_64 1.8.4 7.21 86.07 93.28 OK
r-patched-solaris-x86 1.8.4 6.60 ERROR
r-release-linux-x86_64 1.8.4 6.69 86.05 92.74 OK
r-release-macos-arm64 1.8.4 OK
r-release-macos-x86_64 1.8.4 OK
r-release-windows-ix86+x86_64 1.8.4 13.00 107.00 120.00 OK
r-oldrel-macos-x86_64 1.8.4 OK
r-oldrel-windows-ix86+x86_64 1.8.4 12.00 142.00 154.00 OK

Check Details

Version: 1.8.4
Check: package dependencies
Result: ERROR
    Package required but not available: ‘x13binary’
    
    Package suggested but not available for checking: ‘seasonalview’
    
    See section ‘The DESCRIPTION file’ in the ‘Writing R Extensions’
    manual.
Flavor: r-patched-solaris-x86