CRAN Package Check Results for Package seagull

Last updated on 2021-11-01 00:49:53 CET.

Flavor Version Tinstall Tcheck Ttotal Status Flags
r-devel-linux-x86_64-debian-clang 1.1.0 152.10 57.74 209.84 OK
r-devel-linux-x86_64-debian-gcc 1.1.0 126.89 43.32 170.21 OK
r-devel-linux-x86_64-fedora-clang 1.1.0 356.83 NOTE
r-devel-linux-x86_64-fedora-gcc 1.1.0 311.32 OK
r-devel-windows-x86_64 1.1.0 215.00 79.00 294.00 OK
r-devel-windows-x86_64-gcc10-UCRT 1.1.0 OK
r-patched-linux-x86_64 1.1.0 145.40 53.73 199.13 OK
r-patched-solaris-x86 1.1.0 260.90 OK
r-release-linux-x86_64 1.1.0 146.34 54.13 200.47 OK
r-release-macos-arm64 1.1.0 NOTE
r-release-macos-x86_64 1.1.0 NOTE
r-release-windows-ix86+x86_64 1.1.0 304.00 89.00 393.00 OK
r-oldrel-macos-x86_64 1.1.0 NOTE
r-oldrel-windows-ix86+x86_64 1.1.0 312.00 123.00 435.00 OK

Check Details

Version: 1.1.0
Check: installed package size
Result: NOTE
     installed size is 6.6Mb
     sub-directories of 1Mb or more:
     libs 5.9Mb
Flavors: r-devel-linux-x86_64-fedora-clang, r-release-macos-arm64, r-release-macos-x86_64, r-oldrel-macos-x86_64