Last updated on 2021-11-01 00:49:53 CET.
Flavor | Version | Tinstall | Tcheck | Ttotal | Status | Flags |
---|---|---|---|---|---|---|
r-devel-linux-x86_64-debian-clang | 0.1.8 | 148.61 | 60.48 | 209.09 | OK | |
r-devel-linux-x86_64-debian-gcc | 0.1.8 | 112.78 | 46.69 | 159.47 | OK | |
r-devel-linux-x86_64-fedora-clang | 0.1.8 | 339.37 | NOTE | |||
r-devel-linux-x86_64-fedora-gcc | 0.1.8 | 314.34 | OK | |||
r-devel-windows-x86_64 | 0.1.8 | 190.00 | 71.00 | 261.00 | OK | |
r-devel-windows-x86_64-gcc10-UCRT | 0.1.8 | OK | ||||
r-patched-linux-x86_64 | 0.1.8 | 131.12 | 58.84 | 189.96 | OK | |
r-patched-solaris-x86 | 0.1.8 | 277.60 | OK | |||
r-release-linux-x86_64 | 0.1.8 | 136.88 | 58.85 | 195.73 | OK | |
r-release-macos-arm64 | 0.1.8 | NOTE | ||||
r-release-macos-x86_64 | 0.1.8 | NOTE | ||||
r-release-windows-ix86+x86_64 | 0.1.8 | 279.00 | 103.00 | 382.00 | OK | |
r-oldrel-macos-x86_64 | 0.1.8 | NOTE | ||||
r-oldrel-windows-ix86+x86_64 | 0.1.8 | 260.00 | 137.00 | 397.00 | OK |
Version: 0.1.8
Check: installed package size
Result: NOTE
installed size is 9.5Mb
sub-directories of 1Mb or more:
libs 8.6Mb
Flavors: r-devel-linux-x86_64-fedora-clang, r-release-macos-arm64, r-release-macos-x86_64, r-oldrel-macos-x86_64