CRAN Package Check Results for Package scattermore

Last updated on 2021-11-01 00:49:53 CET.

Flavor Version Tinstall Tcheck Ttotal Status Flags
r-devel-linux-x86_64-debian-clang 0.7 4.98 60.25 65.23 NOTE
r-devel-linux-x86_64-debian-gcc 0.7 3.71 46.24 49.95 NOTE
r-devel-linux-x86_64-fedora-clang 0.7 89.46 NOTE
r-devel-linux-x86_64-fedora-gcc 0.7 76.54 NOTE
r-devel-windows-x86_64 0.7 12.00 67.00 79.00 NOTE
r-devel-windows-x86_64-gcc10-UCRT 0.7 NOTE
r-patched-linux-x86_64 0.7 4.63 56.13 60.76 NOTE
r-patched-solaris-x86 0.7 133.80 NOTE
r-release-linux-x86_64 0.7 4.23 55.82 60.05 NOTE
r-release-macos-arm64 0.7 NOTE
r-release-macos-x86_64 0.7 NOTE
r-release-windows-ix86+x86_64 0.7 12.00 95.00 107.00 NOTE
r-oldrel-macos-x86_64 0.7 OK
r-oldrel-windows-ix86+x86_64 0.7 14.00 122.00 136.00 OK

Check Details

Version: 0.7
Check: LazyData
Result: NOTE
     'LazyData' is specified without a 'data' directory
Flavors: r-devel-linux-x86_64-debian-clang, r-devel-linux-x86_64-debian-gcc, r-devel-linux-x86_64-fedora-clang, r-devel-linux-x86_64-fedora-gcc, r-devel-windows-x86_64, r-devel-windows-x86_64-gcc10-UCRT, r-patched-linux-x86_64, r-patched-solaris-x86, r-release-linux-x86_64, r-release-macos-arm64, r-release-macos-x86_64, r-release-windows-ix86+x86_64