CRAN Package Check Results for Package scModels

Last updated on 2021-11-01 00:49:53 CET.

Flavor Version Tinstall Tcheck Ttotal Status Flags
r-devel-linux-x86_64-debian-clang 1.0.2 36.31 112.25 148.56 NOTE
r-devel-linux-x86_64-debian-gcc 1.0.2 26.38 87.33 113.71 NOTE
r-devel-linux-x86_64-fedora-clang 1.0.2 217.06 NOTE
r-devel-linux-x86_64-fedora-gcc 1.0.2 218.09 NOTE
r-devel-windows-x86_64 1.0.2 53.00 197.00 250.00 NOTE
r-devel-windows-x86_64-gcc10-UCRT 1.0.2 NOTE
r-patched-linux-x86_64 1.0.2 30.70 145.37 176.07 NOTE
r-patched-solaris-x86 1.0.2 371.80 NOTE
r-release-linux-x86_64 1.0.2 31.03 133.90 164.93 NOTE
r-release-macos-arm64 1.0.2 NOTE
r-release-macos-x86_64 1.0.2 NOTE
r-release-windows-ix86+x86_64 1.0.2 77.00 369.00 446.00 NOTE
r-oldrel-macos-x86_64 1.0.2 OK
r-oldrel-windows-ix86+x86_64 1.0.2 74.00 482.00 556.00 OK

Check Details

Version: 1.0.2
Check: LazyData
Result: NOTE
     'LazyData' is specified without a 'data' directory
Flavors: r-devel-linux-x86_64-debian-clang, r-devel-linux-x86_64-debian-gcc, r-devel-linux-x86_64-fedora-clang, r-devel-linux-x86_64-fedora-gcc, r-devel-windows-x86_64, r-devel-windows-x86_64-gcc10-UCRT, r-patched-linux-x86_64, r-patched-solaris-x86, r-release-linux-x86_64, r-release-macos-arm64, r-release-macos-x86_64, r-release-windows-ix86+x86_64