Last updated on 2021-11-01 00:49:53 CET.
Flavor | Version | Tinstall | Tcheck | Ttotal | Status | Flags |
---|---|---|---|---|---|---|
r-devel-linux-x86_64-debian-clang | 1.1.5 | 10.00 | 73.50 | 83.50 | NOTE | |
r-devel-linux-x86_64-debian-gcc | 1.1.5 | 8.56 | 56.47 | 65.03 | NOTE | |
r-devel-linux-x86_64-fedora-clang | 1.1.5 | 110.95 | NOTE | |||
r-devel-linux-x86_64-fedora-gcc | 1.1.5 | 99.11 | NOTE | |||
r-devel-windows-x86_64 | 1.1.5 | 16.00 | 74.00 | 90.00 | NOTE | |
r-devel-windows-x86_64-gcc10-UCRT | 1.1.5 | NOTE | ||||
r-patched-linux-x86_64 | 1.1.5 | 9.60 | 70.85 | 80.45 | NOTE | |
r-patched-solaris-x86 | 1.1.5 | 145.70 | NOTE | |||
r-release-linux-x86_64 | 1.1.5 | 9.14 | 70.67 | 79.81 | NOTE | |
r-release-macos-arm64 | 1.1.5 | NOTE | ||||
r-release-macos-x86_64 | 1.1.5 | NOTE | ||||
r-release-windows-ix86+x86_64 | 1.1.5 | 14.00 | 68.00 | 82.00 | NOTE | |
r-oldrel-macos-x86_64 | 1.1.5 | NOTE | ||||
r-oldrel-windows-ix86+x86_64 | 1.1.5 | 16.00 | 94.00 | 110.00 | NOTE |
Version: 1.1.5
Check: package dependencies
Result: NOTE
Packages which this enhances but not available for checking:
'gurobi', 'pogs'
Flavors: r-devel-linux-x86_64-debian-clang, r-devel-linux-x86_64-debian-gcc, r-patched-linux-x86_64, r-release-linux-x86_64
Version: 1.1.5
Check: package dependencies
Result: NOTE
Packages which this enhances but not available for checking:
'gurobi', 'Rcplex', 'pogs'
Flavors: r-devel-linux-x86_64-fedora-clang, r-devel-linux-x86_64-fedora-gcc, r-devel-windows-x86_64, r-devel-windows-x86_64-gcc10-UCRT, r-release-macos-arm64, r-release-macos-x86_64, r-release-windows-ix86+x86_64, r-oldrel-macos-x86_64, r-oldrel-windows-ix86+x86_64
Version: 1.1.5
Check: package dependencies
Result: NOTE
Packages which this enhances but not available for checking:
'gurobi', 'Rcplex', 'Rmosek', 'pogs'
Flavor: r-patched-solaris-x86