Last updated on 2021-11-01 00:49:53 CET.
Flavor | Version | Tinstall | Tcheck | Ttotal | Status | Flags |
---|---|---|---|---|---|---|
r-devel-linux-x86_64-debian-clang | 0.2.0 | 23.43 | 183.24 | 206.67 | OK | |
r-devel-linux-x86_64-debian-gcc | 0.2.0 | 15.68 | 131.42 | 147.10 | OK | |
r-devel-linux-x86_64-fedora-clang | 0.2.0 | 258.53 | NOTE | |||
r-devel-linux-x86_64-fedora-gcc | 0.2.0 | 237.29 | NOTE | |||
r-devel-windows-x86_64 | 0.2.0 | 28.00 | 202.00 | 230.00 | OK | |
r-devel-windows-x86_64-gcc10-UCRT | 0.2.0 | OK | ||||
r-patched-linux-x86_64 | 0.2.0 | 18.09 | 55.01 | 73.10 | OK | |
r-patched-solaris-x86 | 0.2.0 | 119.50 | OK | |||
r-release-linux-x86_64 | 0.2.0 | 18.92 | 55.75 | 74.67 | OK | |
r-release-macos-arm64 | 0.2.0 | OK | ||||
r-release-macos-x86_64 | 0.2.0 | OK | ||||
r-release-windows-ix86+x86_64 | 0.2.0 | 34.00 | 95.00 | 129.00 | OK | |
r-oldrel-macos-x86_64 | 0.2.0 | OK | ||||
r-oldrel-windows-ix86+x86_64 | 0.2.0 | 36.00 | 120.00 | 156.00 | OK |
Version: 0.2.0
Check: compiled code
Result: NOTE
File ‘sBIC/libs/sBIC.so’:
Found no calls to: ‘R_registerRoutines’, ‘R_useDynamicSymbols’
It is good practice to register native routines and to disable symbol
search.
See ‘Writing portable packages’ in the ‘Writing R Extensions’ manual.
Flavors: r-devel-linux-x86_64-fedora-clang, r-devel-linux-x86_64-fedora-gcc