CRAN Package Check Results for Package rwfec

Last updated on 2021-11-01 00:49:52 CET.

Flavor Version Tinstall Tcheck Ttotal Status Flags
r-devel-linux-x86_64-debian-clang 0.2 22.04 23.61 45.65 NOTE
r-devel-linux-x86_64-debian-gcc 0.2 14.86 19.06 33.92 NOTE
r-devel-linux-x86_64-fedora-clang 0.2 79.22 NOTE
r-devel-linux-x86_64-fedora-gcc 0.2 59.94 NOTE
r-devel-windows-x86_64 0.2 31.00 40.00 71.00 NOTE
r-devel-windows-x86_64-gcc10-UCRT 0.2 NOTE
r-patched-linux-x86_64 0.2 16.08 23.18 39.26 NOTE
r-patched-solaris-x86 0.2 76.30 NOTE
r-release-linux-x86_64 0.2 18.91 23.38 42.29 NOTE
r-release-macos-arm64 0.2 NOTE
r-release-macos-x86_64 0.2 NOTE
r-release-windows-ix86+x86_64 0.2 40.00 58.00 98.00 NOTE
r-oldrel-macos-x86_64 0.2 OK
r-oldrel-windows-ix86+x86_64 0.2 42.00 69.00 111.00 OK

Check Details

Version: 0.2
Check: LazyData
Result: NOTE
     'LazyData' is specified without a 'data' directory
Flavors: r-devel-linux-x86_64-debian-clang, r-devel-linux-x86_64-debian-gcc, r-devel-linux-x86_64-fedora-clang, r-devel-linux-x86_64-fedora-gcc, r-devel-windows-x86_64, r-devel-windows-x86_64-gcc10-UCRT, r-patched-linux-x86_64, r-patched-solaris-x86, r-release-linux-x86_64, r-release-macos-arm64, r-release-macos-x86_64, r-release-windows-ix86+x86_64

Version: 0.2
Check: compiled code
Result: NOTE
    File ‘rwfec/libs/rwfec.so’:
     Found no calls to: ‘R_registerRoutines’, ‘R_useDynamicSymbols’
    
    It is good practice to register native routines and to disable symbol
    search.
    
    See ‘Writing portable packages’ in the ‘Writing R Extensions’ manual.
Flavors: r-devel-linux-x86_64-fedora-clang, r-devel-linux-x86_64-fedora-gcc