CRAN Package Check Results for Package ruin

Last updated on 2021-11-01 00:49:52 CET.

Flavor Version Tinstall Tcheck Ttotal Status Flags
r-devel-linux-x86_64-debian-clang 0.1.1 4.07 61.92 65.99 NOTE
r-devel-linux-x86_64-debian-gcc 0.1.1 3.48 45.69 49.17 NOTE
r-devel-linux-x86_64-fedora-clang 0.1.1 87.73 NOTE
r-devel-linux-x86_64-fedora-gcc 0.1.1 77.86 NOTE
r-devel-windows-x86_64 0.1.1 7.00 65.00 72.00 NOTE
r-devel-windows-x86_64-gcc10-UCRT 0.1.1 NOTE
r-patched-linux-x86_64 0.1.1 8.54 59.17 67.71 NOTE
r-patched-solaris-x86 0.1.1 62.60 NOTE
r-release-linux-x86_64 0.1.1 4.44 59.04 63.48 NOTE
r-release-macos-arm64 0.1.1 NOTE
r-release-macos-x86_64 0.1.1 NOTE
r-release-windows-ix86+x86_64 0.1.1 7.00 64.00 71.00 NOTE
r-oldrel-macos-x86_64 0.1.1 OK
r-oldrel-windows-ix86+x86_64 0.1.1 6.00 87.00 93.00 OK

Check Details

Version: 0.1.1
Check: LazyData
Result: NOTE
     'LazyData' is specified without a 'data' directory
Flavors: r-devel-linux-x86_64-debian-clang, r-devel-linux-x86_64-debian-gcc, r-devel-linux-x86_64-fedora-clang, r-devel-linux-x86_64-fedora-gcc, r-devel-windows-x86_64, r-devel-windows-x86_64-gcc10-UCRT, r-patched-linux-x86_64, r-patched-solaris-x86, r-release-linux-x86_64, r-release-macos-arm64, r-release-macos-x86_64, r-release-windows-ix86+x86_64